{"id":87,"date":"2019-01-30T21:22:36","date_gmt":"2019-01-30T20:22:36","guid":{"rendered":"https:\/\/stiftung-ts.de\/sts\/?page_id=87"},"modified":"2026-03-07T12:33:25","modified_gmt":"2026-03-07T11:33:25","slug":"care","status":"publish","type":"page","link":"https:\/\/stiftung-ts.de\/sts\/care\/","title":{"rendered":"Care"},"content":{"rendered":"<div class=\"wp-block-image is-resized\">\n<figure class=\"aligncenter size-medium\"><img loading=\"lazy\" decoding=\"async\" width=\"300\" height=\"300\" src=\"https:\/\/stiftung-ts.de\/sts\/wp-content\/uploads\/2020\/07\/Logo-Care-Kreis-300x300.jpg\" alt=\"\" class=\"wp-image-1505\" style=\"object-fit:cover;width:150px;height:150px\" srcset=\"https:\/\/stiftung-ts.de\/sts\/wp-content\/uploads\/2020\/07\/Logo-Care-Kreis-300x300.jpg 300w, https:\/\/stiftung-ts.de\/sts\/wp-content\/uploads\/2020\/07\/Logo-Care-Kreis-1024x1022.jpg 1024w, https:\/\/stiftung-ts.de\/sts\/wp-content\/uploads\/2020\/07\/Logo-Care-Kreis-150x150.jpg 150w, https:\/\/stiftung-ts.de\/sts\/wp-content\/uploads\/2020\/07\/Logo-Care-Kreis-768x767.jpg 768w, https:\/\/stiftung-ts.de\/sts\/wp-content\/uploads\/2020\/07\/Logo-Care-Kreis-90x90.jpg 90w, https:\/\/stiftung-ts.de\/sts\/wp-content\/uploads\/2020\/07\/Logo-Care-Kreis-360x360.jpg 360w, https:\/\/stiftung-ts.de\/sts\/wp-content\/uploads\/2020\/07\/Logo-Care-Kreis-64x64.jpg 64w, https:\/\/stiftung-ts.de\/sts\/wp-content\/uploads\/2020\/07\/Logo-Care-Kreis.jpg 1228w\" sizes=\"auto, (max-width: 300px) 100vw, 300px\" \/><\/figure>\n<\/div>\n\n\n<div style=\"height:30px\" aria-hidden=\"true\" class=\"wp-block-spacer\"><\/div>\n\n\n\n<h2 class=\"wp-block-heading\">Stiftung TS Care &#8211; Gemeinsam f\u00fcr Afrika<\/h2>\n\n\n\n<p><strong>Perspektiven schaffen f\u00fcr Kinder in Armut<\/strong><\/p>\n\n\n\n<p>TS Care setzt sich f\u00fcr die nachhaltige spirituelle, emotionale und k\u00f6rperliche Gesundheit sowie die ganzheitliche Entwicklung von Kindern und Jugendlichen in Afrika ein.<\/p>\n\n\n\n<p>Ziel ist es, Menschen geistlich, seelisch und materiell zu st\u00e4rken und so die Grundlagen f\u00fcr ein gelingendes Leben zu schaffen.<\/p>\n\n\n\n<p>Dazu kn\u00fcpfen wir Partnerschaften mit gemeinn\u00fctzigen Organisationen vor Ort, denen wir vielf\u00e4ltige Ressourcen zur Verf\u00fcgung stellen<\/p>\n\n\n\n<div style=\"height:30px\" aria-hidden=\"true\" class=\"wp-block-spacer\"><\/div>\n\n\n\n<h3 class=\"wp-block-heading\">Die Arbeitsbereiche der Treuhandstiftung TS Care<\/h3>\n\n\n\n<h4 class=\"wp-block-heading\">TS Care Patenschaften und Stipendien<\/h4>\n\n\n\n<p>Durch Patenschaften erm\u00f6glichen wir Kindern eine Schul- und Berufs\u00adausbildung sowie eine Grund\u00adversorgung, die auch ihre Familien einschlie\u00dft.<\/p>\n\n\n\n<h4 class=\"wp-block-heading\">TS Care Geistliche und seelische Gesundheit<\/h4>\n\n\n\n<p>Durch Therapie und Seelsorge unterst\u00fctzen wir Kinder und Jugendliche dabei, resilient zu werden, traumatische Erfahrungen zu \u00fcberwinden und einen befreienden Glauben auf Basis des Evangeliums von Jesus Christus zu entwickeln.<\/p>\n\n\n\n<h4 class=\"wp-block-heading\">TS Care Gesundheitsf\u00fcrsorge und Hungerhilfe<\/h4>\n\n\n\n<p>Wir setzen uns daf\u00fcr ein, grundlegende Bed\u00fcrfnisse zu erf\u00fcllen, indem wir eine medizinische Grundversorgung sowie ausreichende Ern\u00e4hrung sicherstellen.<\/p>\n\n\n\n<h4 class=\"wp-block-heading\">TS Care Sonderprojekte<\/h4>\n\n\n\n<p>Mit projekt\u00adgebundenen Spenden unterst\u00fctzen wir gezielt Projekte zum Bau und zur Ausstattung von Einrichtungen, Geb\u00e4uden und Infrastrukturen.<\/p>\n\n\n\n<h4 class=\"wp-block-heading\">TS Care Partnerschaft auf Augenh\u00f6he<\/h4>\n\n\n\n<p>Mit Hilfe regelm\u00e4\u00dfiger Spenden, Projektaktionen und fachlicher Beratung f\u00f6rdern wir Partner\u00adorganisationen in Afrika wie Uwezo, Scripture Union of Kenya sowie weitere gemeinn\u00fctzige Organisationen, mit denen wir zusammen\u00adarbeiten.<\/p>\n\n\n\n<div style=\"height:30px\" aria-hidden=\"true\" class=\"wp-block-spacer\"><\/div>\n\n\n\n<h3 class=\"wp-block-heading\">Spenden<\/h3>\n\n\n\n<p>Sie m\u00f6chten die Arbeit der Treuhandstiftung TS Care durch Spenden unterst\u00fctzen? <br>M\u00f6glichkeiten dazu finden Sie unter\u00a0<a href=\"https:\/\/ts-care.stiftung-ts.de\/spenden\/\" target=\"_blank\" rel=\"noreferrer noopener\">TS Care Spenden<\/a>.<\/p>\n\n\n\n<div style=\"height:30px\" aria-hidden=\"true\" class=\"wp-block-spacer is-style-dots\"><\/div>\n\n\n\n<hr class=\"wp-block-separator has-text-color has-cyan-bluish-gray-color has-alpha-channel-opacity has-cyan-bluish-gray-background-color has-background\"\/>\n\n\n\n<p><strong>Mehr \u00fcber Stiftung TS Care erfahren<\/strong><\/p>\n\n\n\n<div class=\"wp-block-group is-vertical is-content-justification-left is-layout-flex wp-container-core-group-is-layout-c0ca7d81 wp-block-group-is-layout-flex\">\n<figure class=\"wp-block-image size-medium\"><a href=\"https:\/\/ts-care.stiftung-ts.de\/\" target=\"_blank\" rel=\" noreferrer noopener\"><img loading=\"lazy\" decoding=\"async\" width=\"300\" height=\"225\" src=\"https:\/\/stiftung-ts.de\/sts\/wp-content\/uploads\/2026\/02\/TS-Care-Homepage_Screenshot-300x225.jpg\" alt=\"TS Care Homepage\" class=\"wp-image-7263\" style=\"object-fit:cover\" srcset=\"https:\/\/stiftung-ts.de\/sts\/wp-content\/uploads\/2026\/02\/TS-Care-Homepage_Screenshot-300x225.jpg 300w, https:\/\/stiftung-ts.de\/sts\/wp-content\/uploads\/2026\/02\/TS-Care-Homepage_Screenshot-150x113.jpg 150w, https:\/\/stiftung-ts.de\/sts\/wp-content\/uploads\/2026\/02\/TS-Care-Homepage_Screenshot-768x576.jpg 768w, https:\/\/stiftung-ts.de\/sts\/wp-content\/uploads\/2026\/02\/TS-Care-Homepage_Screenshot.jpg 968w\" sizes=\"auto, (max-width: 300px) 100vw, 300px\" \/><\/a><\/figure>\n\n\n\n<p><strong><a href=\"https:\/\/ts-care.stiftung-ts.de\/\" target=\"_blank\" rel=\"noreferrer noopener\">Zur Webseite der Stiftung TS Care<\/a><\/strong><\/p>\n<\/div>\n\n\n\n<p><\/p>\n","protected":false},"excerpt":{"rendered":"<p>Stiftung TS Care &#8211; Gemeinsam f\u00fcr Afrika Perspektiven schaffen f\u00fcr Kinder in Armut TS Care setzt sich f\u00fcr die nachhaltige spirituelle, emotionale und k\u00f6rperliche Gesundheit sowie die ganzheitliche Entwicklung von Kindern und Jugendlichen in Afrika ein. Ziel ist es, Menschen geistlich, seelisch und materiell zu st\u00e4rken und so die Grundlagen f\u00fcr ein gelingendes Leben zu<\/p>\n","protected":false},"author":1,"featured_media":0,"parent":0,"menu_order":4,"comment_status":"closed","ping_status":"closed","template":"page-fullwidth.php","meta":{"footnotes":""},"class_list":["post-87","page","type-page","status-publish","hentry"],"yoast_head":"<!-- This site is optimized with the Yoast SEO plugin v27.3 - https:\/\/yoast.com\/product\/yoast-seo-wordpress\/ -->\n<title>Care - Stiftung TS<\/title>\n<meta name=\"description\" content=\"Stiftung TS Care \u2013 Gemeinsam f\u00fcr Afrika. Perspektiven schaffen f\u00fcr Kinder in Armut.\" \/>\n<meta name=\"robots\" content=\"index, follow, max-snippet:-1, max-image-preview:large, max-video-preview:-1\" \/>\n<link rel=\"canonical\" href=\"https:\/\/stiftung-ts.de\/sts\/care\/\" \/>\n<meta property=\"og:locale\" content=\"de_DE\" \/>\n<meta property=\"og:type\" content=\"article\" \/>\n<meta property=\"og:title\" content=\"Care - Stiftung TS\" \/>\n<meta property=\"og:description\" content=\"Stiftung TS Care \u2013 Gemeinsam f\u00fcr Afrika. Perspektiven schaffen f\u00fcr Kinder in Armut.\" \/>\n<meta property=\"og:url\" content=\"https:\/\/stiftung-ts.de\/sts\/care\/\" \/>\n<meta property=\"og:site_name\" content=\"Stiftung TS\" \/>\n<meta property=\"article:publisher\" content=\"https:\/\/www.facebook.com\/therapeutische.seelsorge\" \/>\n<meta property=\"article:modified_time\" content=\"2026-03-07T11:33:25+00:00\" \/>\n<meta property=\"og:image\" content=\"https:\/\/stiftung-ts.de\/sts\/wp-content\/uploads\/2020\/07\/Logo-Care-Kreis.jpg\" \/>\n\t<meta property=\"og:image:width\" content=\"1228\" \/>\n\t<meta property=\"og:image:height\" content=\"1226\" \/>\n\t<meta property=\"og:image:type\" content=\"image\/jpeg\" \/>\n<meta name=\"twitter:card\" content=\"summary_large_image\" \/>\n<meta name=\"twitter:label1\" content=\"Gesch\u00e4tzte Lesezeit\" \/>\n\t<meta name=\"twitter:data1\" content=\"2\u00a0Minuten\" \/>\n<script type=\"application\/ld+json\" class=\"yoast-schema-graph\">{\"@context\":\"https:\\\/\\\/schema.org\",\"@graph\":[{\"@type\":\"WebPage\",\"@id\":\"https:\\\/\\\/stiftung-ts.de\\\/sts\\\/care\\\/\",\"url\":\"https:\\\/\\\/stiftung-ts.de\\\/sts\\\/care\\\/\",\"name\":\"Care - Stiftung TS\",\"isPartOf\":{\"@id\":\"https:\\\/\\\/stiftung-ts.de\\\/sts\\\/#website\"},\"primaryImageOfPage\":{\"@id\":\"https:\\\/\\\/stiftung-ts.de\\\/sts\\\/care\\\/#primaryimage\"},\"image\":{\"@id\":\"https:\\\/\\\/stiftung-ts.de\\\/sts\\\/care\\\/#primaryimage\"},\"thumbnailUrl\":\"https:\\\/\\\/stiftung-ts.de\\\/sts\\\/wp-content\\\/uploads\\\/2020\\\/07\\\/Logo-Care-Kreis-300x300.jpg\",\"datePublished\":\"2019-01-30T20:22:36+00:00\",\"dateModified\":\"2026-03-07T11:33:25+00:00\",\"description\":\"Stiftung TS Care \u2013 Gemeinsam f\u00fcr Afrika. Perspektiven schaffen f\u00fcr Kinder in Armut.\",\"breadcrumb\":{\"@id\":\"https:\\\/\\\/stiftung-ts.de\\\/sts\\\/care\\\/#breadcrumb\"},\"inLanguage\":\"de\",\"potentialAction\":[{\"@type\":\"ReadAction\",\"target\":[\"https:\\\/\\\/stiftung-ts.de\\\/sts\\\/care\\\/\"]}]},{\"@type\":\"ImageObject\",\"inLanguage\":\"de\",\"@id\":\"https:\\\/\\\/stiftung-ts.de\\\/sts\\\/care\\\/#primaryimage\",\"url\":\"https:\\\/\\\/stiftung-ts.de\\\/sts\\\/wp-content\\\/uploads\\\/2020\\\/07\\\/Logo-Care-Kreis.jpg\",\"contentUrl\":\"https:\\\/\\\/stiftung-ts.de\\\/sts\\\/wp-content\\\/uploads\\\/2020\\\/07\\\/Logo-Care-Kreis.jpg\",\"width\":1228,\"height\":1226,\"caption\":\"Logo Stiftung TS Care\"},{\"@type\":\"BreadcrumbList\",\"@id\":\"https:\\\/\\\/stiftung-ts.de\\\/sts\\\/care\\\/#breadcrumb\",\"itemListElement\":[{\"@type\":\"ListItem\",\"position\":1,\"name\":\"Startseite\",\"item\":\"https:\\\/\\\/stiftung-ts.de\\\/sts\\\/\"},{\"@type\":\"ListItem\",\"position\":2,\"name\":\"Care\"}]},{\"@type\":\"WebSite\",\"@id\":\"https:\\\/\\\/stiftung-ts.de\\\/sts\\\/#website\",\"url\":\"https:\\\/\\\/stiftung-ts.de\\\/sts\\\/\",\"name\":\"Stiftung TS\",\"description\":\"\",\"publisher\":{\"@id\":\"https:\\\/\\\/stiftung-ts.de\\\/sts\\\/#organization\"},\"potentialAction\":[{\"@type\":\"SearchAction\",\"target\":{\"@type\":\"EntryPoint\",\"urlTemplate\":\"https:\\\/\\\/stiftung-ts.de\\\/sts\\\/?s={search_term_string}\"},\"query-input\":{\"@type\":\"PropertyValueSpecification\",\"valueRequired\":true,\"valueName\":\"search_term_string\"}}],\"inLanguage\":\"de\"},{\"@type\":\"Organization\",\"@id\":\"https:\\\/\\\/stiftung-ts.de\\\/sts\\\/#organization\",\"name\":\"Stiftung TS\",\"url\":\"https:\\\/\\\/stiftung-ts.de\\\/sts\\\/\",\"logo\":{\"@type\":\"ImageObject\",\"inLanguage\":\"de\",\"@id\":\"https:\\\/\\\/stiftung-ts.de\\\/sts\\\/#\\\/schema\\\/logo\\\/image\\\/\",\"url\":\"https:\\\/\\\/stiftung-ts.de\\\/sts\\\/wp-content\\\/uploads\\\/2021\\\/04\\\/Logo_Stiftung-TS_512-rund.png\",\"contentUrl\":\"https:\\\/\\\/stiftung-ts.de\\\/sts\\\/wp-content\\\/uploads\\\/2021\\\/04\\\/Logo_Stiftung-TS_512-rund.png\",\"width\":512,\"height\":512,\"caption\":\"Stiftung TS\"},\"image\":{\"@id\":\"https:\\\/\\\/stiftung-ts.de\\\/sts\\\/#\\\/schema\\\/logo\\\/image\\\/\"},\"sameAs\":[\"https:\\\/\\\/www.facebook.com\\\/therapeutische.seelsorge\"]}]}<\/script>\n<!-- \/ Yoast SEO plugin. -->","yoast_head_json":{"title":"Care - Stiftung TS","description":"Stiftung TS Care \u2013 Gemeinsam f\u00fcr Afrika. Perspektiven schaffen f\u00fcr Kinder in Armut.","robots":{"index":"index","follow":"follow","max-snippet":"max-snippet:-1","max-image-preview":"max-image-preview:large","max-video-preview":"max-video-preview:-1"},"canonical":"https:\/\/stiftung-ts.de\/sts\/care\/","og_locale":"de_DE","og_type":"article","og_title":"Care - Stiftung TS","og_description":"Stiftung TS Care \u2013 Gemeinsam f\u00fcr Afrika. Perspektiven schaffen f\u00fcr Kinder in Armut.","og_url":"https:\/\/stiftung-ts.de\/sts\/care\/","og_site_name":"Stiftung TS","article_publisher":"https:\/\/www.facebook.com\/therapeutische.seelsorge","article_modified_time":"2026-03-07T11:33:25+00:00","og_image":[{"width":1228,"height":1226,"url":"https:\/\/stiftung-ts.de\/sts\/wp-content\/uploads\/2020\/07\/Logo-Care-Kreis.jpg","type":"image\/jpeg"}],"twitter_card":"summary_large_image","twitter_misc":{"Gesch\u00e4tzte Lesezeit":"2\u00a0Minuten"},"schema":{"@context":"https:\/\/schema.org","@graph":[{"@type":"WebPage","@id":"https:\/\/stiftung-ts.de\/sts\/care\/","url":"https:\/\/stiftung-ts.de\/sts\/care\/","name":"Care - Stiftung TS","isPartOf":{"@id":"https:\/\/stiftung-ts.de\/sts\/#website"},"primaryImageOfPage":{"@id":"https:\/\/stiftung-ts.de\/sts\/care\/#primaryimage"},"image":{"@id":"https:\/\/stiftung-ts.de\/sts\/care\/#primaryimage"},"thumbnailUrl":"https:\/\/stiftung-ts.de\/sts\/wp-content\/uploads\/2020\/07\/Logo-Care-Kreis-300x300.jpg","datePublished":"2019-01-30T20:22:36+00:00","dateModified":"2026-03-07T11:33:25+00:00","description":"Stiftung TS Care \u2013 Gemeinsam f\u00fcr Afrika. Perspektiven schaffen f\u00fcr Kinder in Armut.","breadcrumb":{"@id":"https:\/\/stiftung-ts.de\/sts\/care\/#breadcrumb"},"inLanguage":"de","potentialAction":[{"@type":"ReadAction","target":["https:\/\/stiftung-ts.de\/sts\/care\/"]}]},{"@type":"ImageObject","inLanguage":"de","@id":"https:\/\/stiftung-ts.de\/sts\/care\/#primaryimage","url":"https:\/\/stiftung-ts.de\/sts\/wp-content\/uploads\/2020\/07\/Logo-Care-Kreis.jpg","contentUrl":"https:\/\/stiftung-ts.de\/sts\/wp-content\/uploads\/2020\/07\/Logo-Care-Kreis.jpg","width":1228,"height":1226,"caption":"Logo Stiftung TS Care"},{"@type":"BreadcrumbList","@id":"https:\/\/stiftung-ts.de\/sts\/care\/#breadcrumb","itemListElement":[{"@type":"ListItem","position":1,"name":"Startseite","item":"https:\/\/stiftung-ts.de\/sts\/"},{"@type":"ListItem","position":2,"name":"Care"}]},{"@type":"WebSite","@id":"https:\/\/stiftung-ts.de\/sts\/#website","url":"https:\/\/stiftung-ts.de\/sts\/","name":"Stiftung TS","description":"","publisher":{"@id":"https:\/\/stiftung-ts.de\/sts\/#organization"},"potentialAction":[{"@type":"SearchAction","target":{"@type":"EntryPoint","urlTemplate":"https:\/\/stiftung-ts.de\/sts\/?s={search_term_string}"},"query-input":{"@type":"PropertyValueSpecification","valueRequired":true,"valueName":"search_term_string"}}],"inLanguage":"de"},{"@type":"Organization","@id":"https:\/\/stiftung-ts.de\/sts\/#organization","name":"Stiftung TS","url":"https:\/\/stiftung-ts.de\/sts\/","logo":{"@type":"ImageObject","inLanguage":"de","@id":"https:\/\/stiftung-ts.de\/sts\/#\/schema\/logo\/image\/","url":"https:\/\/stiftung-ts.de\/sts\/wp-content\/uploads\/2021\/04\/Logo_Stiftung-TS_512-rund.png","contentUrl":"https:\/\/stiftung-ts.de\/sts\/wp-content\/uploads\/2021\/04\/Logo_Stiftung-TS_512-rund.png","width":512,"height":512,"caption":"Stiftung TS"},"image":{"@id":"https:\/\/stiftung-ts.de\/sts\/#\/schema\/logo\/image\/"},"sameAs":["https:\/\/www.facebook.com\/therapeutische.seelsorge"]}]}},"_links":{"self":[{"href":"https:\/\/stiftung-ts.de\/sts\/wp-json\/wp\/v2\/pages\/87","targetHints":{"allow":["GET"]}}],"collection":[{"href":"https:\/\/stiftung-ts.de\/sts\/wp-json\/wp\/v2\/pages"}],"about":[{"href":"https:\/\/stiftung-ts.de\/sts\/wp-json\/wp\/v2\/types\/page"}],"author":[{"embeddable":true,"href":"https:\/\/stiftung-ts.de\/sts\/wp-json\/wp\/v2\/users\/1"}],"replies":[{"embeddable":true,"href":"https:\/\/stiftung-ts.de\/sts\/wp-json\/wp\/v2\/comments?post=87"}],"version-history":[{"count":0,"href":"https:\/\/stiftung-ts.de\/sts\/wp-json\/wp\/v2\/pages\/87\/revisions"}],"wp:attachment":[{"href":"https:\/\/stiftung-ts.de\/sts\/wp-json\/wp\/v2\/media?parent=87"}],"curies":[{"name":"wp","href":"https:\/\/api.w.org\/{rel}","templated":true}]}}