{"id":6284,"date":"2025-06-25T20:05:32","date_gmt":"2025-06-25T18:05:32","guid":{"rendered":"https:\/\/stiftung-ts.de\/sts\/?page_id=6284"},"modified":"2025-08-01T16:18:14","modified_gmt":"2025-08-01T14:18:14","slug":"gelingende-gespraeche","status":"publish","type":"page","link":"https:\/\/stiftung-ts.de\/sts\/gemeinde_1\/seelsorgeschulungen\/gelingende-gespraeche\/","title":{"rendered":"Gelingende Gespr\u00e4che"},"content":{"rendered":"\n<h2 class=\"wp-block-heading\">Besser reden. Ehrlich zuh\u00f6ren. Wirklich verstehen.<\/h2>\n\n\n\n<p><strong>Workshop f\u00fcr gelingende Gespr\u00e4che<\/strong><\/p>\n\n\n\n<div style=\"height:30px\" aria-hidden=\"true\" class=\"wp-block-spacer\"><\/div>\n\n\n\n<p><strong>Wir alle reden viel <\/strong>\u2013 <br>aber wie oft h\u00f6ren wir wirklich zu?<br>Wie oft f\u00fchlen wir uns&nbsp;wirklich verstanden?<br>Und wie oft w\u00fcnschen wir uns Gespr\u00e4che, die&nbsp;echt&nbsp;sind \u2013 und&nbsp;ver\u00e4ndern?<\/p>\n\n\n\n<div style=\"height:30px\" aria-hidden=\"true\" class=\"wp-block-spacer\"><\/div>\n\n\n\n<h3 class=\"wp-block-heading\">F\u00fcr wen?<\/h3>\n\n\n\n<p>Gemeindeglieder, Mitarbeitende, Verantwortliche<\/p>\n\n\n\n<div style=\"height:30px\" aria-hidden=\"true\" class=\"wp-block-spacer\"><\/div>\n\n\n\n<h3 class=\"wp-block-heading\">Struktur Praxisseminar<\/h3>\n\n\n\n<ul class=\"wp-block-list\">\n<li>Geistliche und praktische Leitlinien f\u00fcr gute Kommunikation kennenlernen<\/li>\n\n\n\n<li>Entdecken, wie wertvoll echtes Zuh\u00f6ren ist<\/li>\n\n\n\n<li>Zeit zum \u00dcben, Fragen stellen, ausprobieren \u2013 in gesch\u00fctztem Rahmen<\/li>\n\n\n\n<li>Dauer: 4 Stunden (incl. Pause)<\/li>\n\n\n\n<li>Mindestteilnehmerzahl: 9 Personen<\/li>\n<\/ul>\n\n\n\n<div style=\"height:30px\" aria-hidden=\"true\" class=\"wp-block-spacer\"><\/div>\n\n\n\n<h3 class=\"wp-block-heading\">Was erwartet euch?<\/h3>\n\n\n\n<p>In diesem Workshop geht\u2019s nicht um Smalltalk oder perfekte Antworten. <br>Es geht um&nbsp;Herzensverbindung, um Kommunikation, die&nbsp;tr\u00e4gt, auch wenn\u2019s schwierig wird. <br>Und darum, wie Begegnungen aussehen k\u00f6nnen, in denen Menschen sich&nbsp;gesehen, geh\u00f6rt und geliebt&nbsp;f\u00fchlen.<\/p>\n\n\n\n<blockquote class=\"wp-block-quote is-layout-flow wp-block-quote-is-layout-flow\">\n<p>&#8222;Seid schnell bereit zu h\u00f6ren, aber lasst euch Zeit beim Reden.&#8220;<\/p>\n<cite>Bibel: <em>Jakobus 1,19<\/em><\/cite><\/blockquote>\n\n\n\n<div style=\"height:30px\" aria-hidden=\"true\" class=\"wp-block-spacer\"><\/div>\n\n\n\n<h3 class=\"wp-block-heading\">Ort<\/h3>\n\n\n\n<p>In eurer Gemeinde<\/p>\n\n\n\n<div style=\"height:30px\" aria-hidden=\"true\" class=\"wp-block-spacer\"><\/div>\n\n\n\n<h3 class=\"wp-block-heading\">Termin und Organisatorisches<\/h3>\n\n\n\n<p>nach Absprache<\/p>\n\n\n\n<div style=\"height:30px\" aria-hidden=\"true\" class=\"wp-block-spacer\"><\/div>\n\n\n\n<h3 class=\"wp-block-heading\">Kosten<\/h3>\n\n\n\n<p>175 Euro<\/p>\n\n\n\n<p class=\"has-small-font-size\">Stand: Juli 2025<\/p>\n\n\n\n<div style=\"height:30px\" aria-hidden=\"true\" class=\"wp-block-spacer\"><\/div>\n\n\n\n<h3 class=\"wp-block-heading\">Kontakt<\/h3>\n\n\n\n<p><a href=\"https:\/\/stiftung-ts.de\/sts\/gemeinde_1\/leitung-bereich-gemeinde\/\">Thomas Alexi<\/a><\/p>\n\n\n\n<p><\/p>\n","protected":false},"excerpt":{"rendered":"<p>Besser reden. Ehrlich zuh\u00f6ren. Wirklich verstehen. Workshop f\u00fcr gelingende Gespr\u00e4che Wir alle reden viel \u2013 aber wie oft h\u00f6ren wir wirklich zu?Wie oft f\u00fchlen wir uns&nbsp;wirklich verstanden?Und wie oft w\u00fcnschen wir uns Gespr\u00e4che, die&nbsp;echt&nbsp;sind \u2013 und&nbsp;ver\u00e4ndern? F\u00fcr wen? Gemeindeglieder, Mitarbeitende, Verantwortliche Struktur Praxisseminar Was erwartet euch? In diesem Workshop geht\u2019s nicht um Smalltalk oder perfekte<\/p>\n","protected":false},"author":1,"featured_media":6563,"parent":3166,"menu_order":1,"comment_status":"closed","ping_status":"closed","template":"page-fullwidth.php","meta":{"footnotes":""},"class_list":["post-6284","page","type-page","status-publish","has-post-thumbnail","hentry"],"yoast_head":"<!-- This site is optimized with the Yoast SEO plugin v27.3 - https:\/\/yoast.com\/product\/yoast-seo-wordpress\/ -->\n<title>Gelingende Gespr\u00e4che - Stiftung TS<\/title>\n<meta name=\"description\" content=\"Besser reden. Ehrlich zuh\u00f6ren. Wirklich verstehen. Workshop f\u00fcr gelingende Gespr\u00e4che.\" \/>\n<meta name=\"robots\" content=\"index, follow, max-snippet:-1, max-image-preview:large, max-video-preview:-1\" \/>\n<link rel=\"canonical\" href=\"https:\/\/stiftung-ts.de\/sts\/gemeinde_1\/seelsorgeschulungen\/gelingende-gespraeche\/\" \/>\n<meta property=\"og:locale\" content=\"de_DE\" \/>\n<meta property=\"og:type\" content=\"article\" \/>\n<meta property=\"og:title\" content=\"Gelingende Gespr\u00e4che - Stiftung TS\" \/>\n<meta property=\"og:description\" content=\"Besser reden. Ehrlich zuh\u00f6ren. Wirklich verstehen. Workshop f\u00fcr gelingende Gespr\u00e4che.\" \/>\n<meta property=\"og:url\" content=\"https:\/\/stiftung-ts.de\/sts\/gemeinde_1\/seelsorgeschulungen\/gelingende-gespraeche\/\" \/>\n<meta property=\"og:site_name\" content=\"Stiftung TS\" \/>\n<meta property=\"article:publisher\" content=\"https:\/\/www.facebook.com\/therapeutische.seelsorge\" \/>\n<meta property=\"article:modified_time\" content=\"2025-08-01T14:18:14+00:00\" \/>\n<meta property=\"og:image\" content=\"https:\/\/stiftung-ts.de\/sts\/wp-content\/uploads\/2025\/08\/Gespraeche_1110x350px.jpg\" \/>\n\t<meta property=\"og:image:width\" content=\"1110\" \/>\n\t<meta property=\"og:image:height\" content=\"350\" \/>\n\t<meta property=\"og:image:type\" content=\"image\/jpeg\" \/>\n<meta name=\"twitter:card\" content=\"summary_large_image\" \/>\n<meta name=\"twitter:label1\" content=\"Gesch\u00e4tzte Lesezeit\" \/>\n\t<meta name=\"twitter:data1\" content=\"1\u00a0Minute\" \/>\n<script type=\"application\/ld+json\" class=\"yoast-schema-graph\">{\"@context\":\"https:\\\/\\\/schema.org\",\"@graph\":[{\"@type\":\"WebPage\",\"@id\":\"https:\\\/\\\/stiftung-ts.de\\\/sts\\\/gemeinde_1\\\/seelsorgeschulungen\\\/gelingende-gespraeche\\\/\",\"url\":\"https:\\\/\\\/stiftung-ts.de\\\/sts\\\/gemeinde_1\\\/seelsorgeschulungen\\\/gelingende-gespraeche\\\/\",\"name\":\"Gelingende Gespr\u00e4che - Stiftung TS\",\"isPartOf\":{\"@id\":\"https:\\\/\\\/stiftung-ts.de\\\/sts\\\/#website\"},\"primaryImageOfPage\":{\"@id\":\"https:\\\/\\\/stiftung-ts.de\\\/sts\\\/gemeinde_1\\\/seelsorgeschulungen\\\/gelingende-gespraeche\\\/#primaryimage\"},\"image\":{\"@id\":\"https:\\\/\\\/stiftung-ts.de\\\/sts\\\/gemeinde_1\\\/seelsorgeschulungen\\\/gelingende-gespraeche\\\/#primaryimage\"},\"thumbnailUrl\":\"https:\\\/\\\/stiftung-ts.de\\\/sts\\\/wp-content\\\/uploads\\\/2025\\\/08\\\/Gespraeche_1110x350px.jpg\",\"datePublished\":\"2025-06-25T18:05:32+00:00\",\"dateModified\":\"2025-08-01T14:18:14+00:00\",\"description\":\"Besser reden. Ehrlich zuh\u00f6ren. Wirklich verstehen. Workshop f\u00fcr gelingende Gespr\u00e4che.\",\"breadcrumb\":{\"@id\":\"https:\\\/\\\/stiftung-ts.de\\\/sts\\\/gemeinde_1\\\/seelsorgeschulungen\\\/gelingende-gespraeche\\\/#breadcrumb\"},\"inLanguage\":\"de\",\"potentialAction\":[{\"@type\":\"ReadAction\",\"target\":[\"https:\\\/\\\/stiftung-ts.de\\\/sts\\\/gemeinde_1\\\/seelsorgeschulungen\\\/gelingende-gespraeche\\\/\"]}]},{\"@type\":\"ImageObject\",\"inLanguage\":\"de\",\"@id\":\"https:\\\/\\\/stiftung-ts.de\\\/sts\\\/gemeinde_1\\\/seelsorgeschulungen\\\/gelingende-gespraeche\\\/#primaryimage\",\"url\":\"https:\\\/\\\/stiftung-ts.de\\\/sts\\\/wp-content\\\/uploads\\\/2025\\\/08\\\/Gespraeche_1110x350px.jpg\",\"contentUrl\":\"https:\\\/\\\/stiftung-ts.de\\\/sts\\\/wp-content\\\/uploads\\\/2025\\\/08\\\/Gespraeche_1110x350px.jpg\",\"width\":1110,\"height\":350},{\"@type\":\"BreadcrumbList\",\"@id\":\"https:\\\/\\\/stiftung-ts.de\\\/sts\\\/gemeinde_1\\\/seelsorgeschulungen\\\/gelingende-gespraeche\\\/#breadcrumb\",\"itemListElement\":[{\"@type\":\"ListItem\",\"position\":1,\"name\":\"Startseite\",\"item\":\"https:\\\/\\\/stiftung-ts.de\\\/sts\\\/\"},{\"@type\":\"ListItem\",\"position\":2,\"name\":\"Gemeinde\",\"item\":\"https:\\\/\\\/stiftung-ts.de\\\/sts\\\/gemeinde_1\\\/\"},{\"@type\":\"ListItem\",\"position\":3,\"name\":\"Seelsorgeschulungen\",\"item\":\"https:\\\/\\\/stiftung-ts.de\\\/sts\\\/gemeinde_1\\\/seelsorgeschulungen\\\/\"},{\"@type\":\"ListItem\",\"position\":4,\"name\":\"Gelingende Gespr\u00e4che\"}]},{\"@type\":\"WebSite\",\"@id\":\"https:\\\/\\\/stiftung-ts.de\\\/sts\\\/#website\",\"url\":\"https:\\\/\\\/stiftung-ts.de\\\/sts\\\/\",\"name\":\"Stiftung TS\",\"description\":\"\",\"publisher\":{\"@id\":\"https:\\\/\\\/stiftung-ts.de\\\/sts\\\/#organization\"},\"potentialAction\":[{\"@type\":\"SearchAction\",\"target\":{\"@type\":\"EntryPoint\",\"urlTemplate\":\"https:\\\/\\\/stiftung-ts.de\\\/sts\\\/?s={search_term_string}\"},\"query-input\":{\"@type\":\"PropertyValueSpecification\",\"valueRequired\":true,\"valueName\":\"search_term_string\"}}],\"inLanguage\":\"de\"},{\"@type\":\"Organization\",\"@id\":\"https:\\\/\\\/stiftung-ts.de\\\/sts\\\/#organization\",\"name\":\"Stiftung TS\",\"url\":\"https:\\\/\\\/stiftung-ts.de\\\/sts\\\/\",\"logo\":{\"@type\":\"ImageObject\",\"inLanguage\":\"de\",\"@id\":\"https:\\\/\\\/stiftung-ts.de\\\/sts\\\/#\\\/schema\\\/logo\\\/image\\\/\",\"url\":\"https:\\\/\\\/stiftung-ts.de\\\/sts\\\/wp-content\\\/uploads\\\/2021\\\/04\\\/Logo_Stiftung-TS_512-rund.png\",\"contentUrl\":\"https:\\\/\\\/stiftung-ts.de\\\/sts\\\/wp-content\\\/uploads\\\/2021\\\/04\\\/Logo_Stiftung-TS_512-rund.png\",\"width\":512,\"height\":512,\"caption\":\"Stiftung TS\"},\"image\":{\"@id\":\"https:\\\/\\\/stiftung-ts.de\\\/sts\\\/#\\\/schema\\\/logo\\\/image\\\/\"},\"sameAs\":[\"https:\\\/\\\/www.facebook.com\\\/therapeutische.seelsorge\"]}]}<\/script>\n<!-- \/ Yoast SEO plugin. -->","yoast_head_json":{"title":"Gelingende Gespr\u00e4che - Stiftung TS","description":"Besser reden. Ehrlich zuh\u00f6ren. Wirklich verstehen. Workshop f\u00fcr gelingende Gespr\u00e4che.","robots":{"index":"index","follow":"follow","max-snippet":"max-snippet:-1","max-image-preview":"max-image-preview:large","max-video-preview":"max-video-preview:-1"},"canonical":"https:\/\/stiftung-ts.de\/sts\/gemeinde_1\/seelsorgeschulungen\/gelingende-gespraeche\/","og_locale":"de_DE","og_type":"article","og_title":"Gelingende Gespr\u00e4che - Stiftung TS","og_description":"Besser reden. Ehrlich zuh\u00f6ren. Wirklich verstehen. Workshop f\u00fcr gelingende Gespr\u00e4che.","og_url":"https:\/\/stiftung-ts.de\/sts\/gemeinde_1\/seelsorgeschulungen\/gelingende-gespraeche\/","og_site_name":"Stiftung TS","article_publisher":"https:\/\/www.facebook.com\/therapeutische.seelsorge","article_modified_time":"2025-08-01T14:18:14+00:00","og_image":[{"width":1110,"height":350,"url":"https:\/\/stiftung-ts.de\/sts\/wp-content\/uploads\/2025\/08\/Gespraeche_1110x350px.jpg","type":"image\/jpeg"}],"twitter_card":"summary_large_image","twitter_misc":{"Gesch\u00e4tzte Lesezeit":"1\u00a0Minute"},"schema":{"@context":"https:\/\/schema.org","@graph":[{"@type":"WebPage","@id":"https:\/\/stiftung-ts.de\/sts\/gemeinde_1\/seelsorgeschulungen\/gelingende-gespraeche\/","url":"https:\/\/stiftung-ts.de\/sts\/gemeinde_1\/seelsorgeschulungen\/gelingende-gespraeche\/","name":"Gelingende Gespr\u00e4che - Stiftung TS","isPartOf":{"@id":"https:\/\/stiftung-ts.de\/sts\/#website"},"primaryImageOfPage":{"@id":"https:\/\/stiftung-ts.de\/sts\/gemeinde_1\/seelsorgeschulungen\/gelingende-gespraeche\/#primaryimage"},"image":{"@id":"https:\/\/stiftung-ts.de\/sts\/gemeinde_1\/seelsorgeschulungen\/gelingende-gespraeche\/#primaryimage"},"thumbnailUrl":"https:\/\/stiftung-ts.de\/sts\/wp-content\/uploads\/2025\/08\/Gespraeche_1110x350px.jpg","datePublished":"2025-06-25T18:05:32+00:00","dateModified":"2025-08-01T14:18:14+00:00","description":"Besser reden. Ehrlich zuh\u00f6ren. Wirklich verstehen. Workshop f\u00fcr gelingende Gespr\u00e4che.","breadcrumb":{"@id":"https:\/\/stiftung-ts.de\/sts\/gemeinde_1\/seelsorgeschulungen\/gelingende-gespraeche\/#breadcrumb"},"inLanguage":"de","potentialAction":[{"@type":"ReadAction","target":["https:\/\/stiftung-ts.de\/sts\/gemeinde_1\/seelsorgeschulungen\/gelingende-gespraeche\/"]}]},{"@type":"ImageObject","inLanguage":"de","@id":"https:\/\/stiftung-ts.de\/sts\/gemeinde_1\/seelsorgeschulungen\/gelingende-gespraeche\/#primaryimage","url":"https:\/\/stiftung-ts.de\/sts\/wp-content\/uploads\/2025\/08\/Gespraeche_1110x350px.jpg","contentUrl":"https:\/\/stiftung-ts.de\/sts\/wp-content\/uploads\/2025\/08\/Gespraeche_1110x350px.jpg","width":1110,"height":350},{"@type":"BreadcrumbList","@id":"https:\/\/stiftung-ts.de\/sts\/gemeinde_1\/seelsorgeschulungen\/gelingende-gespraeche\/#breadcrumb","itemListElement":[{"@type":"ListItem","position":1,"name":"Startseite","item":"https:\/\/stiftung-ts.de\/sts\/"},{"@type":"ListItem","position":2,"name":"Gemeinde","item":"https:\/\/stiftung-ts.de\/sts\/gemeinde_1\/"},{"@type":"ListItem","position":3,"name":"Seelsorgeschulungen","item":"https:\/\/stiftung-ts.de\/sts\/gemeinde_1\/seelsorgeschulungen\/"},{"@type":"ListItem","position":4,"name":"Gelingende Gespr\u00e4che"}]},{"@type":"WebSite","@id":"https:\/\/stiftung-ts.de\/sts\/#website","url":"https:\/\/stiftung-ts.de\/sts\/","name":"Stiftung TS","description":"","publisher":{"@id":"https:\/\/stiftung-ts.de\/sts\/#organization"},"potentialAction":[{"@type":"SearchAction","target":{"@type":"EntryPoint","urlTemplate":"https:\/\/stiftung-ts.de\/sts\/?s={search_term_string}"},"query-input":{"@type":"PropertyValueSpecification","valueRequired":true,"valueName":"search_term_string"}}],"inLanguage":"de"},{"@type":"Organization","@id":"https:\/\/stiftung-ts.de\/sts\/#organization","name":"Stiftung TS","url":"https:\/\/stiftung-ts.de\/sts\/","logo":{"@type":"ImageObject","inLanguage":"de","@id":"https:\/\/stiftung-ts.de\/sts\/#\/schema\/logo\/image\/","url":"https:\/\/stiftung-ts.de\/sts\/wp-content\/uploads\/2021\/04\/Logo_Stiftung-TS_512-rund.png","contentUrl":"https:\/\/stiftung-ts.de\/sts\/wp-content\/uploads\/2021\/04\/Logo_Stiftung-TS_512-rund.png","width":512,"height":512,"caption":"Stiftung TS"},"image":{"@id":"https:\/\/stiftung-ts.de\/sts\/#\/schema\/logo\/image\/"},"sameAs":["https:\/\/www.facebook.com\/therapeutische.seelsorge"]}]}},"_links":{"self":[{"href":"https:\/\/stiftung-ts.de\/sts\/wp-json\/wp\/v2\/pages\/6284","targetHints":{"allow":["GET"]}}],"collection":[{"href":"https:\/\/stiftung-ts.de\/sts\/wp-json\/wp\/v2\/pages"}],"about":[{"href":"https:\/\/stiftung-ts.de\/sts\/wp-json\/wp\/v2\/types\/page"}],"author":[{"embeddable":true,"href":"https:\/\/stiftung-ts.de\/sts\/wp-json\/wp\/v2\/users\/1"}],"replies":[{"embeddable":true,"href":"https:\/\/stiftung-ts.de\/sts\/wp-json\/wp\/v2\/comments?post=6284"}],"version-history":[{"count":0,"href":"https:\/\/stiftung-ts.de\/sts\/wp-json\/wp\/v2\/pages\/6284\/revisions"}],"up":[{"embeddable":true,"href":"https:\/\/stiftung-ts.de\/sts\/wp-json\/wp\/v2\/pages\/3166"}],"wp:featuredmedia":[{"embeddable":true,"href":"https:\/\/stiftung-ts.de\/sts\/wp-json\/wp\/v2\/media\/6563"}],"wp:attachment":[{"href":"https:\/\/stiftung-ts.de\/sts\/wp-json\/wp\/v2\/media?parent=6284"}],"curies":[{"name":"wp","href":"https:\/\/api.w.org\/{rel}","templated":true}]}}