{"id":6255,"date":"2025-06-25T21:12:06","date_gmt":"2025-06-25T19:12:06","guid":{"rendered":"https:\/\/stiftung-ts.de\/sts\/?page_id=6255"},"modified":"2025-08-01T16:11:30","modified_gmt":"2025-08-01T14:11:30","slug":"seelsorge-als-gemeindekultur","status":"publish","type":"page","link":"https:\/\/stiftung-ts.de\/sts\/gemeinde_1\/seelsorge-als-gemeindekultur\/","title":{"rendered":"Seelsorge als Gemeindekultur"},"content":{"rendered":"\n<h2 class=\"wp-block-heading\">Seelsorge als Gemeindekultur etablieren<\/h2>\n\n\n\n<p><strong>Tagesseminar<\/strong><\/p>\n\n\n\n<blockquote class=\"wp-block-quote is-layout-flow wp-block-quote-is-layout-flow\">\n<p>&#8222;Die Seelsorge ist zu einer Sache der eigens daf\u00fcr Ausgebildeten geworden. Die Gemeindeglieder ohne Ausbildung werden unsicher, ob ihnen die Seelsorge noch anvertraut ist. Seelsorge bleibt jedoch Aufgabe der gesamten Gemeinde. Wir m\u00fcssen Gemeindeglieder wieder f\u00fcr die Seelsorge zur\u00fcckgewinnen.&#8220;<\/p>\n<cite>Prof. Manfred Seitz<\/cite><\/blockquote>\n\n\n\n<div style=\"height:30px\" aria-hidden=\"true\" class=\"wp-block-spacer\"><\/div>\n\n\n\n<h3 class=\"wp-block-heading\">F\u00fcr wen?<\/h3>\n\n\n\n<p>Gemeindeglieder, Mitarbeitende, Verantwortliche<\/p>\n\n\n\n<div style=\"height:30px\" aria-hidden=\"true\" class=\"wp-block-spacer\"><\/div>\n\n\n\n<h3 class=\"wp-block-heading\">Struktur Seminar<\/h3>\n\n\n\n<ul class=\"wp-block-list\">\n<li>Inspirierender Vortrag zum Thema<\/li>\n\n\n\n<li>Austausch und Vertiefung in Kleingruppen<ul><li>Was an diesem Verst\u00e4ndnis ist neu?<\/li><\/ul><ul><li>Was setzen wir bereits um?<\/li><\/ul>\n<ul class=\"wp-block-list\">\n<li>Wie kann Seelsorge in unserer Gemeinde zur Gemeindekultur werden?<\/li>\n\n\n\n<li>Festhalten von pers\u00f6nlichen Learnings f\u00fcr die Gemeinde<\/li>\n<\/ul>\n<\/li>\n\n\n\n<li>Dauer: 6 Stunden (incl. Pausen)<\/li>\n<\/ul>\n\n\n\n<div style=\"height:30px\" aria-hidden=\"true\" class=\"wp-block-spacer\"><\/div>\n\n\n\n<h3 class=\"wp-block-heading\">Was wir gemeinsam entdecken wollen<\/h3>\n\n\n\n<p>Oft denkt man bei Seelsorge zuerst an Profis: Hauptamtliche in der Gemeinde, Personen in der Diakonie, Krankenhausseelsorge oder mit therapeutischer Ausbildung.<\/p>\n\n\n\n<p>Aber Seelsorge ist viel mehr \u2013 und sie ist etwas, das uns alle betrifft.<\/p>\n\n\n\n<p>Prof. Michael Herbst hat darauf hingewiesen, dass sich das meiste f\u00fcr die gemeindliche Seelsorge an der Frage entscheidet, ob es gelingt, eine seelsorgliche Kultur in der Gemeinde zu formen.<\/p>\n\n\n\n<p><strong>Was geh\u00f6rt zu so einer Seelsorgekultur? <\/strong><\/p>\n\n\n\n<p>Nicht nur das Gespr\u00e4ch der Profis und Hauptamtlichen \u2013 sondern vieles, das mitten im Gemeindeleben stattfindet:<\/p>\n\n\n\n<ul class=\"wp-block-list\">\n<li>Gastfreundschaft leben<\/li>\n\n\n\n<li>F\u00fcr andere beten<\/li>\n\n\n\n<li>Gottesdienste, die tr\u00f6sten, st\u00e4rken und ermutigen<\/li>\n\n\n\n<li>Mitarbeitende f\u00f6rdern und begleiten<\/li>\n\n\n\n<li>Orientierung geben bei Lebens- und Glaubensfragen<\/li>\n\n\n\n<li>Ganz praktisch helfen<\/li>\n\n\n\n<li>Auch Ehrenamtliche f\u00fchren seelsorgliche Gespr\u00e4che<\/li>\n\n\n\n<li>Menschen begleiten bei Krankheit, Krisen oder Ersch\u00f6pfung<\/li>\n<\/ul>\n\n\n\n<p>Wo Seelsorge so umfassend gedacht und gelebt wird, da kann Gemeinde zu einem Ort werden, der wirklich gut tut \u2013 ein St\u00fcck heilende Gemeinschaft mitten im Alltag.<\/p>\n\n\n\n<div style=\"height:30px\" aria-hidden=\"true\" class=\"wp-block-spacer\"><\/div>\n\n\n\n<h3 class=\"wp-block-heading\">Ort<\/h3>\n\n\n\n<p>In eurer Gemeinde<\/p>\n\n\n\n<div style=\"height:30px\" aria-hidden=\"true\" class=\"wp-block-spacer\"><\/div>\n\n\n\n<h3 class=\"wp-block-heading\">Kosten<\/h3>\n\n\n\n<p>350 Euro<\/p>\n\n\n\n<p class=\"has-small-font-size\">Stand: Juni 2025<\/p>\n\n\n\n<div style=\"height:30px\" aria-hidden=\"true\" class=\"wp-block-spacer\"><\/div>\n\n\n\n<h3 class=\"wp-block-heading\">Kontakt<\/h3>\n\n\n\n<p><a type=\"page\" id=\"827\" href=\"https:\/\/stiftung-ts.de\/sts\/gemeinde_1\/leitung-bereich-gemeinde\/\">Thomas Alexi<\/a><\/p>\n","protected":false},"excerpt":{"rendered":"<p>Seelsorge als Gemeindekultur etablieren Tagesseminar &#8222;Die Seelsorge ist zu einer Sache der eigens daf\u00fcr Ausgebildeten geworden. Die Gemeindeglieder ohne Ausbildung werden unsicher, ob ihnen die Seelsorge noch anvertraut ist. Seelsorge bleibt jedoch Aufgabe der gesamten Gemeinde. Wir m\u00fcssen Gemeindeglieder wieder f\u00fcr die Seelsorge zur\u00fcckgewinnen.&#8220; Prof. Manfred Seitz F\u00fcr wen? Gemeindeglieder, Mitarbeitende, Verantwortliche Struktur Seminar Was<\/p>\n","protected":false},"author":1,"featured_media":6562,"parent":90,"menu_order":0,"comment_status":"closed","ping_status":"closed","template":"page-fullwidth.php","meta":{"footnotes":""},"class_list":["post-6255","page","type-page","status-publish","has-post-thumbnail","hentry"],"yoast_head":"<!-- This site is optimized with the Yoast SEO plugin v27.3 - https:\/\/yoast.com\/product\/yoast-seo-wordpress\/ -->\n<title>Seelsorge als Gemeindekultur - Stiftung TS<\/title>\n<meta name=\"description\" content=\"Eine Kultur der Seelsorge entwickeln. Chance und Aufgabe der ganzen Gemeinde.\" \/>\n<meta name=\"robots\" content=\"index, follow, max-snippet:-1, max-image-preview:large, max-video-preview:-1\" \/>\n<link rel=\"canonical\" href=\"https:\/\/stiftung-ts.de\/sts\/gemeinde_1\/seelsorge-als-gemeindekultur\/\" \/>\n<meta property=\"og:locale\" content=\"de_DE\" \/>\n<meta property=\"og:type\" content=\"article\" \/>\n<meta property=\"og:title\" content=\"Seelsorge als Gemeindekultur - Stiftung TS\" \/>\n<meta property=\"og:description\" content=\"Eine Kultur der Seelsorge entwickeln. Chance und Aufgabe der ganzen Gemeinde.\" \/>\n<meta property=\"og:url\" content=\"https:\/\/stiftung-ts.de\/sts\/gemeinde_1\/seelsorge-als-gemeindekultur\/\" \/>\n<meta property=\"og:site_name\" content=\"Stiftung TS\" \/>\n<meta property=\"article:publisher\" content=\"https:\/\/www.facebook.com\/therapeutische.seelsorge\" \/>\n<meta property=\"article:modified_time\" content=\"2025-08-01T14:11:30+00:00\" \/>\n<meta property=\"og:image\" content=\"https:\/\/stiftung-ts.de\/sts\/wp-content\/uploads\/2025\/08\/Gemeindekultur_1110x350px.jpg\" \/>\n\t<meta property=\"og:image:width\" content=\"1110\" \/>\n\t<meta property=\"og:image:height\" content=\"350\" \/>\n\t<meta property=\"og:image:type\" content=\"image\/jpeg\" \/>\n<meta name=\"twitter:card\" content=\"summary_large_image\" \/>\n<meta name=\"twitter:label1\" content=\"Gesch\u00e4tzte Lesezeit\" \/>\n\t<meta name=\"twitter:data1\" content=\"2\u00a0Minuten\" \/>\n<script type=\"application\/ld+json\" class=\"yoast-schema-graph\">{\"@context\":\"https:\\\/\\\/schema.org\",\"@graph\":[{\"@type\":\"WebPage\",\"@id\":\"https:\\\/\\\/stiftung-ts.de\\\/sts\\\/gemeinde_1\\\/seelsorge-als-gemeindekultur\\\/\",\"url\":\"https:\\\/\\\/stiftung-ts.de\\\/sts\\\/gemeinde_1\\\/seelsorge-als-gemeindekultur\\\/\",\"name\":\"Seelsorge als Gemeindekultur - Stiftung TS\",\"isPartOf\":{\"@id\":\"https:\\\/\\\/stiftung-ts.de\\\/sts\\\/#website\"},\"primaryImageOfPage\":{\"@id\":\"https:\\\/\\\/stiftung-ts.de\\\/sts\\\/gemeinde_1\\\/seelsorge-als-gemeindekultur\\\/#primaryimage\"},\"image\":{\"@id\":\"https:\\\/\\\/stiftung-ts.de\\\/sts\\\/gemeinde_1\\\/seelsorge-als-gemeindekultur\\\/#primaryimage\"},\"thumbnailUrl\":\"https:\\\/\\\/stiftung-ts.de\\\/sts\\\/wp-content\\\/uploads\\\/2025\\\/08\\\/Gemeindekultur_1110x350px.jpg\",\"datePublished\":\"2025-06-25T19:12:06+00:00\",\"dateModified\":\"2025-08-01T14:11:30+00:00\",\"description\":\"Eine Kultur der Seelsorge entwickeln. Chance und Aufgabe der ganzen Gemeinde.\",\"breadcrumb\":{\"@id\":\"https:\\\/\\\/stiftung-ts.de\\\/sts\\\/gemeinde_1\\\/seelsorge-als-gemeindekultur\\\/#breadcrumb\"},\"inLanguage\":\"de\",\"potentialAction\":[{\"@type\":\"ReadAction\",\"target\":[\"https:\\\/\\\/stiftung-ts.de\\\/sts\\\/gemeinde_1\\\/seelsorge-als-gemeindekultur\\\/\"]}]},{\"@type\":\"ImageObject\",\"inLanguage\":\"de\",\"@id\":\"https:\\\/\\\/stiftung-ts.de\\\/sts\\\/gemeinde_1\\\/seelsorge-als-gemeindekultur\\\/#primaryimage\",\"url\":\"https:\\\/\\\/stiftung-ts.de\\\/sts\\\/wp-content\\\/uploads\\\/2025\\\/08\\\/Gemeindekultur_1110x350px.jpg\",\"contentUrl\":\"https:\\\/\\\/stiftung-ts.de\\\/sts\\\/wp-content\\\/uploads\\\/2025\\\/08\\\/Gemeindekultur_1110x350px.jpg\",\"width\":1110,\"height\":350},{\"@type\":\"BreadcrumbList\",\"@id\":\"https:\\\/\\\/stiftung-ts.de\\\/sts\\\/gemeinde_1\\\/seelsorge-als-gemeindekultur\\\/#breadcrumb\",\"itemListElement\":[{\"@type\":\"ListItem\",\"position\":1,\"name\":\"Startseite\",\"item\":\"https:\\\/\\\/stiftung-ts.de\\\/sts\\\/\"},{\"@type\":\"ListItem\",\"position\":2,\"name\":\"Gemeinde\",\"item\":\"https:\\\/\\\/stiftung-ts.de\\\/sts\\\/gemeinde_1\\\/\"},{\"@type\":\"ListItem\",\"position\":3,\"name\":\"Seelsorge als Gemeindekultur\"}]},{\"@type\":\"WebSite\",\"@id\":\"https:\\\/\\\/stiftung-ts.de\\\/sts\\\/#website\",\"url\":\"https:\\\/\\\/stiftung-ts.de\\\/sts\\\/\",\"name\":\"Stiftung TS\",\"description\":\"\",\"publisher\":{\"@id\":\"https:\\\/\\\/stiftung-ts.de\\\/sts\\\/#organization\"},\"potentialAction\":[{\"@type\":\"SearchAction\",\"target\":{\"@type\":\"EntryPoint\",\"urlTemplate\":\"https:\\\/\\\/stiftung-ts.de\\\/sts\\\/?s={search_term_string}\"},\"query-input\":{\"@type\":\"PropertyValueSpecification\",\"valueRequired\":true,\"valueName\":\"search_term_string\"}}],\"inLanguage\":\"de\"},{\"@type\":\"Organization\",\"@id\":\"https:\\\/\\\/stiftung-ts.de\\\/sts\\\/#organization\",\"name\":\"Stiftung TS\",\"url\":\"https:\\\/\\\/stiftung-ts.de\\\/sts\\\/\",\"logo\":{\"@type\":\"ImageObject\",\"inLanguage\":\"de\",\"@id\":\"https:\\\/\\\/stiftung-ts.de\\\/sts\\\/#\\\/schema\\\/logo\\\/image\\\/\",\"url\":\"https:\\\/\\\/stiftung-ts.de\\\/sts\\\/wp-content\\\/uploads\\\/2021\\\/04\\\/Logo_Stiftung-TS_512-rund.png\",\"contentUrl\":\"https:\\\/\\\/stiftung-ts.de\\\/sts\\\/wp-content\\\/uploads\\\/2021\\\/04\\\/Logo_Stiftung-TS_512-rund.png\",\"width\":512,\"height\":512,\"caption\":\"Stiftung TS\"},\"image\":{\"@id\":\"https:\\\/\\\/stiftung-ts.de\\\/sts\\\/#\\\/schema\\\/logo\\\/image\\\/\"},\"sameAs\":[\"https:\\\/\\\/www.facebook.com\\\/therapeutische.seelsorge\"]}]}<\/script>\n<!-- \/ Yoast SEO plugin. -->","yoast_head_json":{"title":"Seelsorge als Gemeindekultur - Stiftung TS","description":"Eine Kultur der Seelsorge entwickeln. Chance und Aufgabe der ganzen Gemeinde.","robots":{"index":"index","follow":"follow","max-snippet":"max-snippet:-1","max-image-preview":"max-image-preview:large","max-video-preview":"max-video-preview:-1"},"canonical":"https:\/\/stiftung-ts.de\/sts\/gemeinde_1\/seelsorge-als-gemeindekultur\/","og_locale":"de_DE","og_type":"article","og_title":"Seelsorge als Gemeindekultur - Stiftung TS","og_description":"Eine Kultur der Seelsorge entwickeln. Chance und Aufgabe der ganzen Gemeinde.","og_url":"https:\/\/stiftung-ts.de\/sts\/gemeinde_1\/seelsorge-als-gemeindekultur\/","og_site_name":"Stiftung TS","article_publisher":"https:\/\/www.facebook.com\/therapeutische.seelsorge","article_modified_time":"2025-08-01T14:11:30+00:00","og_image":[{"width":1110,"height":350,"url":"https:\/\/stiftung-ts.de\/sts\/wp-content\/uploads\/2025\/08\/Gemeindekultur_1110x350px.jpg","type":"image\/jpeg"}],"twitter_card":"summary_large_image","twitter_misc":{"Gesch\u00e4tzte Lesezeit":"2\u00a0Minuten"},"schema":{"@context":"https:\/\/schema.org","@graph":[{"@type":"WebPage","@id":"https:\/\/stiftung-ts.de\/sts\/gemeinde_1\/seelsorge-als-gemeindekultur\/","url":"https:\/\/stiftung-ts.de\/sts\/gemeinde_1\/seelsorge-als-gemeindekultur\/","name":"Seelsorge als Gemeindekultur - Stiftung TS","isPartOf":{"@id":"https:\/\/stiftung-ts.de\/sts\/#website"},"primaryImageOfPage":{"@id":"https:\/\/stiftung-ts.de\/sts\/gemeinde_1\/seelsorge-als-gemeindekultur\/#primaryimage"},"image":{"@id":"https:\/\/stiftung-ts.de\/sts\/gemeinde_1\/seelsorge-als-gemeindekultur\/#primaryimage"},"thumbnailUrl":"https:\/\/stiftung-ts.de\/sts\/wp-content\/uploads\/2025\/08\/Gemeindekultur_1110x350px.jpg","datePublished":"2025-06-25T19:12:06+00:00","dateModified":"2025-08-01T14:11:30+00:00","description":"Eine Kultur der Seelsorge entwickeln. Chance und Aufgabe der ganzen Gemeinde.","breadcrumb":{"@id":"https:\/\/stiftung-ts.de\/sts\/gemeinde_1\/seelsorge-als-gemeindekultur\/#breadcrumb"},"inLanguage":"de","potentialAction":[{"@type":"ReadAction","target":["https:\/\/stiftung-ts.de\/sts\/gemeinde_1\/seelsorge-als-gemeindekultur\/"]}]},{"@type":"ImageObject","inLanguage":"de","@id":"https:\/\/stiftung-ts.de\/sts\/gemeinde_1\/seelsorge-als-gemeindekultur\/#primaryimage","url":"https:\/\/stiftung-ts.de\/sts\/wp-content\/uploads\/2025\/08\/Gemeindekultur_1110x350px.jpg","contentUrl":"https:\/\/stiftung-ts.de\/sts\/wp-content\/uploads\/2025\/08\/Gemeindekultur_1110x350px.jpg","width":1110,"height":350},{"@type":"BreadcrumbList","@id":"https:\/\/stiftung-ts.de\/sts\/gemeinde_1\/seelsorge-als-gemeindekultur\/#breadcrumb","itemListElement":[{"@type":"ListItem","position":1,"name":"Startseite","item":"https:\/\/stiftung-ts.de\/sts\/"},{"@type":"ListItem","position":2,"name":"Gemeinde","item":"https:\/\/stiftung-ts.de\/sts\/gemeinde_1\/"},{"@type":"ListItem","position":3,"name":"Seelsorge als Gemeindekultur"}]},{"@type":"WebSite","@id":"https:\/\/stiftung-ts.de\/sts\/#website","url":"https:\/\/stiftung-ts.de\/sts\/","name":"Stiftung TS","description":"","publisher":{"@id":"https:\/\/stiftung-ts.de\/sts\/#organization"},"potentialAction":[{"@type":"SearchAction","target":{"@type":"EntryPoint","urlTemplate":"https:\/\/stiftung-ts.de\/sts\/?s={search_term_string}"},"query-input":{"@type":"PropertyValueSpecification","valueRequired":true,"valueName":"search_term_string"}}],"inLanguage":"de"},{"@type":"Organization","@id":"https:\/\/stiftung-ts.de\/sts\/#organization","name":"Stiftung TS","url":"https:\/\/stiftung-ts.de\/sts\/","logo":{"@type":"ImageObject","inLanguage":"de","@id":"https:\/\/stiftung-ts.de\/sts\/#\/schema\/logo\/image\/","url":"https:\/\/stiftung-ts.de\/sts\/wp-content\/uploads\/2021\/04\/Logo_Stiftung-TS_512-rund.png","contentUrl":"https:\/\/stiftung-ts.de\/sts\/wp-content\/uploads\/2021\/04\/Logo_Stiftung-TS_512-rund.png","width":512,"height":512,"caption":"Stiftung TS"},"image":{"@id":"https:\/\/stiftung-ts.de\/sts\/#\/schema\/logo\/image\/"},"sameAs":["https:\/\/www.facebook.com\/therapeutische.seelsorge"]}]}},"_links":{"self":[{"href":"https:\/\/stiftung-ts.de\/sts\/wp-json\/wp\/v2\/pages\/6255","targetHints":{"allow":["GET"]}}],"collection":[{"href":"https:\/\/stiftung-ts.de\/sts\/wp-json\/wp\/v2\/pages"}],"about":[{"href":"https:\/\/stiftung-ts.de\/sts\/wp-json\/wp\/v2\/types\/page"}],"author":[{"embeddable":true,"href":"https:\/\/stiftung-ts.de\/sts\/wp-json\/wp\/v2\/users\/1"}],"replies":[{"embeddable":true,"href":"https:\/\/stiftung-ts.de\/sts\/wp-json\/wp\/v2\/comments?post=6255"}],"version-history":[{"count":0,"href":"https:\/\/stiftung-ts.de\/sts\/wp-json\/wp\/v2\/pages\/6255\/revisions"}],"up":[{"embeddable":true,"href":"https:\/\/stiftung-ts.de\/sts\/wp-json\/wp\/v2\/pages\/90"}],"wp:featuredmedia":[{"embeddable":true,"href":"https:\/\/stiftung-ts.de\/sts\/wp-json\/wp\/v2\/media\/6562"}],"wp:attachment":[{"href":"https:\/\/stiftung-ts.de\/sts\/wp-json\/wp\/v2\/media?parent=6255"}],"curies":[{"name":"wp","href":"https:\/\/api.w.org\/{rel}","templated":true}]}}