{"id":428,"date":"2019-10-29T11:37:50","date_gmt":"2019-10-29T10:37:50","guid":{"rendered":"https:\/\/stiftung-ts.de\/sts\/?page_id=428"},"modified":"2026-03-07T12:34:56","modified_gmt":"2026-03-07T11:34:56","slug":"unser-leitbild","status":"publish","type":"page","link":"https:\/\/stiftung-ts.de\/sts\/care\/unser-leitbild\/","title":{"rendered":"Unser Leitbild"},"content":{"rendered":"\n<h2 class=\"wp-block-heading\">Vision<\/h2>\n\n\n\n<p>TS Care ist eine etablierte Hilfsorganisation, die ihre Partnerorganisationen in Afrika durch finanzielle, materielle und beratende Unterst\u00fctzung auf dem Weg zur nachhaltigen Selbstst\u00e4ndigkeit begleitet.<\/p>\n\n\n\n<p>Durch unsere Hilfe erhalten junge Menschen langfristige F\u00f6rderung und damit die Chance auf ein Leben mit Perspektive.<\/p>\n\n\n\n<div style=\"height:30px\" aria-hidden=\"true\" class=\"wp-block-spacer\"><\/div>\n\n\n\n<h2 class=\"wp-block-heading\">Mission<\/h2>\n\n\n\n<p>Wir setzen uns f\u00fcr die nachhaltige psychische und physische Gesundheit von Kindern und Jugendlichen in Afrika ein und engagieren uns f\u00fcr ihre F\u00f6rderung und Bildung.<\/p>\n\n\n\n<p>Dies umfasst die Bereitstellung lebens\u00adnotwendiger Bedarfsg\u00fcter und Schulausstattung, seelsorgerliche und therapeutische Begleitung f\u00fcr Kinder und Jugendliche sowie die Unterst\u00fctzung von Lehrkr\u00e4ften, Sozialarbeiterinnen und Sozialarbeitern durch faire Geh\u00e4lter und gezielte Fortbildungen.<\/p>\n\n\n\n<p>Unser Handeln orientiert sich an den christlichen Werten der N\u00e4chstenliebe, Gerechtigkeit und Solidarit\u00e4t.<\/p>\n\n\n\n<div style=\"height:30px\" aria-hidden=\"true\" class=\"wp-block-spacer is-style-dots\"><\/div>\n\n\n\n<hr class=\"wp-block-separator has-text-color has-cyan-bluish-gray-color has-alpha-channel-opacity has-cyan-bluish-gray-background-color has-background\"\/>\n\n\n\n<p><strong>Mehr \u00fcber Stiftung TS Care erfahren<\/strong><\/p>\n\n\n\n<div class=\"wp-block-group is-vertical is-layout-flex wp-container-core-group-is-layout-8cf370e7 wp-block-group-is-layout-flex\">\n<figure class=\"wp-block-image size-medium\"><a href=\"https:\/\/ts-care.stiftung-ts.de\/\" target=\"_blank\" rel=\" noreferrer noopener\"><img loading=\"lazy\" decoding=\"async\" width=\"300\" height=\"225\" src=\"https:\/\/stiftung-ts.de\/sts\/wp-content\/uploads\/2026\/02\/TS-Care-Homepage_Screenshot-300x225.jpg\" alt=\"TS Care Homepage\" class=\"wp-image-7263\" style=\"object-fit:cover\" srcset=\"https:\/\/stiftung-ts.de\/sts\/wp-content\/uploads\/2026\/02\/TS-Care-Homepage_Screenshot-300x225.jpg 300w, https:\/\/stiftung-ts.de\/sts\/wp-content\/uploads\/2026\/02\/TS-Care-Homepage_Screenshot-150x113.jpg 150w, https:\/\/stiftung-ts.de\/sts\/wp-content\/uploads\/2026\/02\/TS-Care-Homepage_Screenshot-768x576.jpg 768w, https:\/\/stiftung-ts.de\/sts\/wp-content\/uploads\/2026\/02\/TS-Care-Homepage_Screenshot.jpg 968w\" sizes=\"auto, (max-width: 300px) 100vw, 300px\" \/><\/a><\/figure>\n\n\n\n<p class=\"has-text-align-left\"><strong><a href=\"https:\/\/ts-care.stiftung-ts.de\/\" target=\"_blank\" rel=\"noreferrer noopener\">Zur Webseite der Stiftung TS Care<\/a><\/strong><\/p>\n<\/div>\n\n\n\n<p><\/p>\n","protected":false},"excerpt":{"rendered":"<p>Vision TS Care ist eine etablierte Hilfsorganisation, die ihre Partnerorganisationen in Afrika durch finanzielle, materielle und beratende Unterst\u00fctzung auf dem Weg zur nachhaltigen Selbstst\u00e4ndigkeit begleitet. Durch unsere Hilfe erhalten junge Menschen langfristige F\u00f6rderung und damit die Chance auf ein Leben mit Perspektive. Mission Wir setzen uns f\u00fcr die nachhaltige psychische und physische Gesundheit von Kindern<\/p>\n","protected":false},"author":1,"featured_media":0,"parent":87,"menu_order":1,"comment_status":"closed","ping_status":"closed","template":"page-fullwidth.php","meta":{"footnotes":""},"class_list":["post-428","page","type-page","status-publish","hentry"],"yoast_head":"<!-- This site is optimized with the Yoast SEO plugin v27.3 - https:\/\/yoast.com\/product\/yoast-seo-wordpress\/ -->\n<title>Unser Leitbild - Care - Stiftung TS<\/title>\n<meta name=\"description\" content=\"Wir setzen uns f\u00fcr die nachhaltige psychische und physische Gesundheit von Kindern und Jugendlichen in Afrika ein und engagieren uns f\u00fcr ihre F\u00f6rderung und Bildung.\" \/>\n<meta name=\"robots\" content=\"index, follow, max-snippet:-1, max-image-preview:large, max-video-preview:-1\" \/>\n<link rel=\"canonical\" href=\"https:\/\/stiftung-ts.de\/sts\/care\/unser-leitbild\/\" \/>\n<meta property=\"og:locale\" content=\"de_DE\" \/>\n<meta property=\"og:type\" content=\"article\" \/>\n<meta property=\"og:title\" content=\"Unser Leitbild - Care - Stiftung TS\" \/>\n<meta property=\"og:description\" content=\"Wir setzen uns f\u00fcr die nachhaltige psychische und physische Gesundheit von Kindern und Jugendlichen in Afrika ein und engagieren uns f\u00fcr ihre F\u00f6rderung und Bildung.\" \/>\n<meta property=\"og:url\" content=\"https:\/\/stiftung-ts.de\/sts\/care\/unser-leitbild\/\" \/>\n<meta property=\"og:site_name\" content=\"Stiftung TS\" \/>\n<meta property=\"article:publisher\" content=\"https:\/\/www.facebook.com\/therapeutische.seelsorge\" \/>\n<meta property=\"article:modified_time\" content=\"2026-03-07T11:34:56+00:00\" \/>\n<meta property=\"og:image\" content=\"https:\/\/stiftung-ts.de\/sts\/wp-content\/uploads\/2026\/02\/TS-Care-Homepage_Screenshot.jpg\" \/>\n\t<meta property=\"og:image:width\" content=\"968\" \/>\n\t<meta property=\"og:image:height\" content=\"726\" \/>\n\t<meta property=\"og:image:type\" content=\"image\/jpeg\" \/>\n<meta name=\"twitter:card\" content=\"summary_large_image\" \/>\n<meta name=\"twitter:label1\" content=\"Gesch\u00e4tzte Lesezeit\" \/>\n\t<meta name=\"twitter:data1\" content=\"1\u00a0Minute\" \/>\n<script type=\"application\/ld+json\" class=\"yoast-schema-graph\">{\"@context\":\"https:\\\/\\\/schema.org\",\"@graph\":[{\"@type\":\"WebPage\",\"@id\":\"https:\\\/\\\/stiftung-ts.de\\\/sts\\\/care\\\/unser-leitbild\\\/\",\"url\":\"https:\\\/\\\/stiftung-ts.de\\\/sts\\\/care\\\/unser-leitbild\\\/\",\"name\":\"Unser Leitbild - Care - Stiftung TS\",\"isPartOf\":{\"@id\":\"https:\\\/\\\/stiftung-ts.de\\\/sts\\\/#website\"},\"primaryImageOfPage\":{\"@id\":\"https:\\\/\\\/stiftung-ts.de\\\/sts\\\/care\\\/unser-leitbild\\\/#primaryimage\"},\"image\":{\"@id\":\"https:\\\/\\\/stiftung-ts.de\\\/sts\\\/care\\\/unser-leitbild\\\/#primaryimage\"},\"thumbnailUrl\":\"https:\\\/\\\/stiftung-ts.de\\\/sts\\\/wp-content\\\/uploads\\\/2026\\\/02\\\/TS-Care-Homepage_Screenshot-300x225.jpg\",\"datePublished\":\"2019-10-29T10:37:50+00:00\",\"dateModified\":\"2026-03-07T11:34:56+00:00\",\"description\":\"Wir setzen uns f\u00fcr die nachhaltige psychische und physische Gesundheit von Kindern und Jugendlichen in Afrika ein und engagieren uns f\u00fcr ihre F\u00f6rderung und Bildung.\",\"breadcrumb\":{\"@id\":\"https:\\\/\\\/stiftung-ts.de\\\/sts\\\/care\\\/unser-leitbild\\\/#breadcrumb\"},\"inLanguage\":\"de\",\"potentialAction\":[{\"@type\":\"ReadAction\",\"target\":[\"https:\\\/\\\/stiftung-ts.de\\\/sts\\\/care\\\/unser-leitbild\\\/\"]}]},{\"@type\":\"ImageObject\",\"inLanguage\":\"de\",\"@id\":\"https:\\\/\\\/stiftung-ts.de\\\/sts\\\/care\\\/unser-leitbild\\\/#primaryimage\",\"url\":\"https:\\\/\\\/stiftung-ts.de\\\/sts\\\/wp-content\\\/uploads\\\/2026\\\/02\\\/TS-Care-Homepage_Screenshot.jpg\",\"contentUrl\":\"https:\\\/\\\/stiftung-ts.de\\\/sts\\\/wp-content\\\/uploads\\\/2026\\\/02\\\/TS-Care-Homepage_Screenshot.jpg\",\"width\":968,\"height\":726,\"caption\":\"TS Care Homepage\"},{\"@type\":\"BreadcrumbList\",\"@id\":\"https:\\\/\\\/stiftung-ts.de\\\/sts\\\/care\\\/unser-leitbild\\\/#breadcrumb\",\"itemListElement\":[{\"@type\":\"ListItem\",\"position\":1,\"name\":\"Startseite\",\"item\":\"https:\\\/\\\/stiftung-ts.de\\\/sts\\\/\"},{\"@type\":\"ListItem\",\"position\":2,\"name\":\"Care\",\"item\":\"https:\\\/\\\/stiftung-ts.de\\\/sts\\\/care\\\/\"},{\"@type\":\"ListItem\",\"position\":3,\"name\":\"Unser Leitbild\"}]},{\"@type\":\"WebSite\",\"@id\":\"https:\\\/\\\/stiftung-ts.de\\\/sts\\\/#website\",\"url\":\"https:\\\/\\\/stiftung-ts.de\\\/sts\\\/\",\"name\":\"Stiftung TS\",\"description\":\"\",\"publisher\":{\"@id\":\"https:\\\/\\\/stiftung-ts.de\\\/sts\\\/#organization\"},\"potentialAction\":[{\"@type\":\"SearchAction\",\"target\":{\"@type\":\"EntryPoint\",\"urlTemplate\":\"https:\\\/\\\/stiftung-ts.de\\\/sts\\\/?s={search_term_string}\"},\"query-input\":{\"@type\":\"PropertyValueSpecification\",\"valueRequired\":true,\"valueName\":\"search_term_string\"}}],\"inLanguage\":\"de\"},{\"@type\":\"Organization\",\"@id\":\"https:\\\/\\\/stiftung-ts.de\\\/sts\\\/#organization\",\"name\":\"Stiftung TS\",\"url\":\"https:\\\/\\\/stiftung-ts.de\\\/sts\\\/\",\"logo\":{\"@type\":\"ImageObject\",\"inLanguage\":\"de\",\"@id\":\"https:\\\/\\\/stiftung-ts.de\\\/sts\\\/#\\\/schema\\\/logo\\\/image\\\/\",\"url\":\"https:\\\/\\\/stiftung-ts.de\\\/sts\\\/wp-content\\\/uploads\\\/2021\\\/04\\\/Logo_Stiftung-TS_512-rund.png\",\"contentUrl\":\"https:\\\/\\\/stiftung-ts.de\\\/sts\\\/wp-content\\\/uploads\\\/2021\\\/04\\\/Logo_Stiftung-TS_512-rund.png\",\"width\":512,\"height\":512,\"caption\":\"Stiftung TS\"},\"image\":{\"@id\":\"https:\\\/\\\/stiftung-ts.de\\\/sts\\\/#\\\/schema\\\/logo\\\/image\\\/\"},\"sameAs\":[\"https:\\\/\\\/www.facebook.com\\\/therapeutische.seelsorge\"]}]}<\/script>\n<!-- \/ Yoast SEO plugin. -->","yoast_head_json":{"title":"Unser Leitbild - Care - Stiftung TS","description":"Wir setzen uns f\u00fcr die nachhaltige psychische und physische Gesundheit von Kindern und Jugendlichen in Afrika ein und engagieren uns f\u00fcr ihre F\u00f6rderung und Bildung.","robots":{"index":"index","follow":"follow","max-snippet":"max-snippet:-1","max-image-preview":"max-image-preview:large","max-video-preview":"max-video-preview:-1"},"canonical":"https:\/\/stiftung-ts.de\/sts\/care\/unser-leitbild\/","og_locale":"de_DE","og_type":"article","og_title":"Unser Leitbild - Care - Stiftung TS","og_description":"Wir setzen uns f\u00fcr die nachhaltige psychische und physische Gesundheit von Kindern und Jugendlichen in Afrika ein und engagieren uns f\u00fcr ihre F\u00f6rderung und Bildung.","og_url":"https:\/\/stiftung-ts.de\/sts\/care\/unser-leitbild\/","og_site_name":"Stiftung TS","article_publisher":"https:\/\/www.facebook.com\/therapeutische.seelsorge","article_modified_time":"2026-03-07T11:34:56+00:00","og_image":[{"width":968,"height":726,"url":"https:\/\/stiftung-ts.de\/sts\/wp-content\/uploads\/2026\/02\/TS-Care-Homepage_Screenshot.jpg","type":"image\/jpeg"}],"twitter_card":"summary_large_image","twitter_misc":{"Gesch\u00e4tzte Lesezeit":"1\u00a0Minute"},"schema":{"@context":"https:\/\/schema.org","@graph":[{"@type":"WebPage","@id":"https:\/\/stiftung-ts.de\/sts\/care\/unser-leitbild\/","url":"https:\/\/stiftung-ts.de\/sts\/care\/unser-leitbild\/","name":"Unser Leitbild - Care - Stiftung TS","isPartOf":{"@id":"https:\/\/stiftung-ts.de\/sts\/#website"},"primaryImageOfPage":{"@id":"https:\/\/stiftung-ts.de\/sts\/care\/unser-leitbild\/#primaryimage"},"image":{"@id":"https:\/\/stiftung-ts.de\/sts\/care\/unser-leitbild\/#primaryimage"},"thumbnailUrl":"https:\/\/stiftung-ts.de\/sts\/wp-content\/uploads\/2026\/02\/TS-Care-Homepage_Screenshot-300x225.jpg","datePublished":"2019-10-29T10:37:50+00:00","dateModified":"2026-03-07T11:34:56+00:00","description":"Wir setzen uns f\u00fcr die nachhaltige psychische und physische Gesundheit von Kindern und Jugendlichen in Afrika ein und engagieren uns f\u00fcr ihre F\u00f6rderung und Bildung.","breadcrumb":{"@id":"https:\/\/stiftung-ts.de\/sts\/care\/unser-leitbild\/#breadcrumb"},"inLanguage":"de","potentialAction":[{"@type":"ReadAction","target":["https:\/\/stiftung-ts.de\/sts\/care\/unser-leitbild\/"]}]},{"@type":"ImageObject","inLanguage":"de","@id":"https:\/\/stiftung-ts.de\/sts\/care\/unser-leitbild\/#primaryimage","url":"https:\/\/stiftung-ts.de\/sts\/wp-content\/uploads\/2026\/02\/TS-Care-Homepage_Screenshot.jpg","contentUrl":"https:\/\/stiftung-ts.de\/sts\/wp-content\/uploads\/2026\/02\/TS-Care-Homepage_Screenshot.jpg","width":968,"height":726,"caption":"TS Care Homepage"},{"@type":"BreadcrumbList","@id":"https:\/\/stiftung-ts.de\/sts\/care\/unser-leitbild\/#breadcrumb","itemListElement":[{"@type":"ListItem","position":1,"name":"Startseite","item":"https:\/\/stiftung-ts.de\/sts\/"},{"@type":"ListItem","position":2,"name":"Care","item":"https:\/\/stiftung-ts.de\/sts\/care\/"},{"@type":"ListItem","position":3,"name":"Unser Leitbild"}]},{"@type":"WebSite","@id":"https:\/\/stiftung-ts.de\/sts\/#website","url":"https:\/\/stiftung-ts.de\/sts\/","name":"Stiftung TS","description":"","publisher":{"@id":"https:\/\/stiftung-ts.de\/sts\/#organization"},"potentialAction":[{"@type":"SearchAction","target":{"@type":"EntryPoint","urlTemplate":"https:\/\/stiftung-ts.de\/sts\/?s={search_term_string}"},"query-input":{"@type":"PropertyValueSpecification","valueRequired":true,"valueName":"search_term_string"}}],"inLanguage":"de"},{"@type":"Organization","@id":"https:\/\/stiftung-ts.de\/sts\/#organization","name":"Stiftung TS","url":"https:\/\/stiftung-ts.de\/sts\/","logo":{"@type":"ImageObject","inLanguage":"de","@id":"https:\/\/stiftung-ts.de\/sts\/#\/schema\/logo\/image\/","url":"https:\/\/stiftung-ts.de\/sts\/wp-content\/uploads\/2021\/04\/Logo_Stiftung-TS_512-rund.png","contentUrl":"https:\/\/stiftung-ts.de\/sts\/wp-content\/uploads\/2021\/04\/Logo_Stiftung-TS_512-rund.png","width":512,"height":512,"caption":"Stiftung TS"},"image":{"@id":"https:\/\/stiftung-ts.de\/sts\/#\/schema\/logo\/image\/"},"sameAs":["https:\/\/www.facebook.com\/therapeutische.seelsorge"]}]}},"_links":{"self":[{"href":"https:\/\/stiftung-ts.de\/sts\/wp-json\/wp\/v2\/pages\/428","targetHints":{"allow":["GET"]}}],"collection":[{"href":"https:\/\/stiftung-ts.de\/sts\/wp-json\/wp\/v2\/pages"}],"about":[{"href":"https:\/\/stiftung-ts.de\/sts\/wp-json\/wp\/v2\/types\/page"}],"author":[{"embeddable":true,"href":"https:\/\/stiftung-ts.de\/sts\/wp-json\/wp\/v2\/users\/1"}],"replies":[{"embeddable":true,"href":"https:\/\/stiftung-ts.de\/sts\/wp-json\/wp\/v2\/comments?post=428"}],"version-history":[{"count":0,"href":"https:\/\/stiftung-ts.de\/sts\/wp-json\/wp\/v2\/pages\/428\/revisions"}],"up":[{"embeddable":true,"href":"https:\/\/stiftung-ts.de\/sts\/wp-json\/wp\/v2\/pages\/87"}],"wp:attachment":[{"href":"https:\/\/stiftung-ts.de\/sts\/wp-json\/wp\/v2\/media?parent=428"}],"curies":[{"name":"wp","href":"https:\/\/api.w.org\/{rel}","templated":true}]}}