{"id":289,"date":"2019-03-27T15:14:42","date_gmt":"2019-03-27T14:14:42","guid":{"rendered":"https:\/\/stiftung-ts.de\/sts\/?page_id=289"},"modified":"2025-08-01T10:58:09","modified_gmt":"2025-08-01T08:58:09","slug":"kek","status":"publish","type":"page","link":"https:\/\/stiftung-ts.de\/sts\/gemeinde_1\/tools-fuer-paare\/kek\/","title":{"rendered":"KEK \u2013 Gespr\u00e4chstraining f\u00fcr Paare in langj\u00e4hriger Beziehung"},"content":{"rendered":"\n<div class=\"wp-block-columns is-layout-flex wp-container-core-columns-is-layout-9d6595d7 wp-block-columns-is-layout-flex\">\n<div class=\"wp-block-column is-vertically-aligned-center is-layout-flow wp-block-column-is-layout-flow\" style=\"flex-basis:235px\">\n<figure class=\"wp-block-image size-medium is-resized\"><img loading=\"lazy\" decoding=\"async\" width=\"300\" height=\"275\" src=\"https:\/\/stiftung-ts.de\/sts\/wp-content\/uploads\/2021\/04\/kek_logo-300x275.jpg\" alt=\"\" class=\"wp-image-2631\" srcset=\"https:\/\/stiftung-ts.de\/sts\/wp-content\/uploads\/2021\/04\/kek_logo-300x275.jpg 300w, https:\/\/stiftung-ts.de\/sts\/wp-content\/uploads\/2021\/04\/kek_logo-1024x938.jpg 1024w, https:\/\/stiftung-ts.de\/sts\/wp-content\/uploads\/2021\/04\/kek_logo-768x704.jpg 768w, https:\/\/stiftung-ts.de\/sts\/wp-content\/uploads\/2021\/04\/kek_logo-1536x1407.jpg 1536w, https:\/\/stiftung-ts.de\/sts\/wp-content\/uploads\/2021\/04\/kek_logo-2048x1877.jpg 2048w\" sizes=\"auto, (max-width: 300px) 100vw, 300px\" \/><\/figure>\n<\/div>\n\n\n\n<div class=\"wp-block-column is-vertically-aligned-center is-layout-flow wp-block-column-is-layout-flow\">\n<h2 class=\"wp-block-heading has-text-align-left\">KEK<\/h2>\n\n\n\n<p><strong>Konstruktive Ehe und Kommunikation<\/strong><\/p>\n<\/div>\n<\/div>\n\n\n\n<figure class=\"wp-block-video\"><video height=\"1080\" style=\"aspect-ratio: 1920 \/ 1080;\" width=\"1920\" controls poster=\"https:\/\/stiftung-ts.de\/sts\/wp-content\/uploads\/2022\/04\/EPL_KEK_Vorschaubild.jpg\" src=\"https:\/\/stiftung-ts.de\/sts\/wp-content\/uploads\/2022\/04\/EPL_KEK_1080p.mp4\"><\/video><figcaption class=\"wp-element-caption\">Gespr\u00e4chstrainings f\u00fcr Paare<\/figcaption><\/figure>\n\n\n\n<div style=\"height:30px\" aria-hidden=\"true\" class=\"wp-block-spacer\"><\/div>\n\n\n\n<h3 class=\"wp-block-heading\">F\u00fcr wen ist KEK gedacht?<\/h3>\n\n\n\n<p>F\u00fcr Paare in langj\u00e4hriger Beziehung, die diese vertiefen m\u00f6chten. <br>Hier nehmen Paare besonders auch ihre gemeinsame Geschichte in den Blick und sprechen \u00fcber ihre Zukunft und ihre Ziele.<\/p>\n\n\n\n<div style=\"height:30px\" aria-hidden=\"true\" class=\"wp-block-spacer\"><\/div>\n\n\n\n<h3 class=\"wp-block-heading\">Was geschieht im Training?<\/h3>\n\n\n\n<ul class=\"wp-block-list\">\n<li>An jedem Training k\u00f6nnen max. 4 Paare teilnehmen.<\/li>\n\n\n\n<li>Die Paare \u00fcben zun\u00e4chst grundlegende Gespr\u00e4chsfertigkeiten ein.<\/li>\n\n\n\n<li>Dann bespricht jedes Paar f\u00fcr sich in einem eigenen Raum die Themen, die ihm aktuell f\u00fcr die Partnerschaft wichtig sind.<\/li>\n\n\n\n<li>Dabei werden sie von Trainer\/innen gecoacht: Sie unterst\u00fctzen die Paare darin, die Gespr\u00e4chsfertigkeiten anzuwenden, ohne sich dabei inhaltlich einzumischen.<\/li>\n<\/ul>\n\n\n\n<div style=\"height:30px\" aria-hidden=\"true\" class=\"wp-block-spacer\"><\/div>\n\n\n\n<h3 class=\"wp-block-heading\">Die einzelnen Einheiten<\/h3>\n\n\n\n<p>Dauer je Einheit ca. 2 1\/2 Stunden<\/p>\n\n\n\n<p>Vermitteln der grundlegenden Kommunikations- und Probleml\u00f6sefertigkeiten:<\/p>\n\n\n\n<figure class=\"wp-block-table is-style-stripes\"><table><tbody><tr><td class=\"has-text-align-left\" data-align=\"left\">1.<\/td><td class=\"has-text-align-left\" data-align=\"left\"><strong>Gute Kommunikation ist notwendig<\/strong><br><em>\u201eWir verstehen uns!\u201c<\/em><br>Bewusst machen, was Verst\u00e4ndnis f\u00f6rdert.<\/td><\/tr><tr><td class=\"has-text-align-left\" data-align=\"left\">2.<\/td><td class=\"has-text-align-left\" data-align=\"left\"><strong>Es gibt unangenehme Gef\u00fchle<\/strong><br><em>\u201eIch kann mit dir reden, auch wenn ich sauer bin!\u201c<\/em><br>Gef\u00fchle offen aussprechen.<\/td><\/tr><tr><td class=\"has-text-align-left\" data-align=\"left\">3.<\/td><td class=\"has-text-align-left\" data-align=\"left\"><strong>Probleme gibt es immer wieder<\/strong><br><em>\u201eWir kommen einen Schritt weiter!\u201c<\/em><br>Mit Meinungsverschiedenheiten besser umgehen.<\/td><\/tr><tr><td class=\"has-text-align-left\" data-align=\"left\">4.<\/td><td class=\"has-text-align-left\" data-align=\"left\"><strong>Angenehme Gef\u00fchle \u00e4u\u00dfern<\/strong><br><em>\u201eWas ich an Dir sch\u00e4tze!\u201c<\/em><br>Positives in der Beziehung zum Ausdruck bringen.<\/td><\/tr><\/tbody><\/table><\/figure>\n\n\n\n<p> <br>Anwenden der erlernten F\u00e4higkeiten an verschiedenen Themenbereichen:<\/p>\n\n\n\n<figure class=\"wp-block-table is-style-stripes\"><table><tbody><tr><td class=\"has-text-align-left\" data-align=\"left\">5.<\/td><td class=\"has-text-align-left\" data-align=\"left\"><strong>Gemeinsame Gespr\u00e4chskultur<\/strong><br><em>\u201eWie reden wir im Alltag miteinander?\u201c<\/em><br>Eine neue Gespr\u00e4chskultur vereinbaren.<\/td><\/tr><tr><td class=\"has-text-align-left\" data-align=\"left\">6.<\/td><td class=\"has-text-align-left\" data-align=\"left\"><strong>Ver\u00e4nderung und Neuorientierung in der Partnerschaft<\/strong><br><em>\u201eUnsere Beziehung ist lebendig!\u201c<\/em><br>Ver\u00e4nderungen anschauen.<\/td><\/tr><tr><td class=\"has-text-align-left\" data-align=\"left\">7.<\/td><td class=\"has-text-align-left\" data-align=\"left\"><strong>St\u00e4rken der Beziehung<\/strong><br><em>\u201eWas uns zusammenh\u00e4lt!\u201c<\/em><br>Sich bewusst machen, was die Beziehung tr\u00e4gt und stark macht.<\/td><\/tr><\/tbody><\/table><\/figure>\n\n\n\n<div style=\"height:30px\" aria-hidden=\"true\" class=\"wp-block-spacer\"><\/div>\n\n\n\n<h3 class=\"wp-block-heading\">Kurskosten<\/h3>\n\n\n\n<p>Die Kursgeb\u00fchr f\u00fcr Pr\u00e4senzkurse betr\u00e4gt derzeit 345,- Euro pro Paar. Darin enthalten sind Kursmaterial, Getr\u00e4nke und Mittagessen. Die Kosten f\u00fcr \u00dcbernachtung und die \u00fcbrige Verpflegung sind im Preis nicht enthalten.<\/p>\n\n\n\n<p>Die Geb\u00fchr f\u00fcr Online-Kurse betr\u00e4gt 270,- Euro pro Paar.<\/p>\n\n\n\n<p class=\"has-small-font-size\">Stand: Dezember 2022<\/p>\n\n\n\n<div style=\"height:30px\" aria-hidden=\"true\" class=\"wp-block-spacer\"><\/div>\n\n\n\n<h3 class=\"wp-block-heading\">Hohe Qualit\u00e4t<\/h3>\n\n\n\n<p>Die Trainings wurden vom Institut f\u00fcr Forschung und Ausbildung in Kommunikationstherapie, M\u00fcnchen, entwickelt und evaluiert. <a rel=\"noreferrer noopener\" href=\"https:\/\/www.epl-kek.de\/begleitstudien.html\" target=\"_blank\">Wissenschaftliche Begleitstudien<\/a> zeigen, dass Paare auch noch Jahre nach dem Kurs von der Teilnahme profitieren.<\/p>\n\n\n\n<div style=\"height:30px\" aria-hidden=\"true\" class=\"wp-block-spacer\"><\/div>\n\n\n\n<h3 class=\"wp-block-heading\">Stimmen zu den Trainings<\/h3>\n\n\n\n<p><a href=\"https:\/\/www.epl-kek.de\/stimmen-zum-training.html\" target=\"_blank\" rel=\"noreferrer noopener\">https:\/\/www.epl-kek.de\/stimmen-zum-training.html<\/a><\/p>\n\n\n\n<div style=\"height:30px\" aria-hidden=\"true\" class=\"wp-block-spacer\"><\/div>\n\n\n\n<h3 class=\"wp-block-heading\">Kursleitung<\/h3>\n\n\n\n<div class=\"wp-block-columns is-layout-flex wp-container-core-columns-is-layout-9d6595d7 wp-block-columns-is-layout-flex\">\n<div class=\"wp-block-column is-layout-flow wp-block-column-is-layout-flow\" style=\"flex-basis:235px\">\n<figure class=\"wp-block-image size-medium is-resized\"><img loading=\"lazy\" decoding=\"async\" width=\"300\" height=\"233\" src=\"https:\/\/stiftung-ts.de\/sts\/wp-content\/uploads\/2025\/07\/Thomas-Anita-Alexi_3m-300x233.jpg\" alt=\"\" class=\"wp-image-6505\" srcset=\"https:\/\/stiftung-ts.de\/sts\/wp-content\/uploads\/2025\/07\/Thomas-Anita-Alexi_3m-300x233.jpg 300w, https:\/\/stiftung-ts.de\/sts\/wp-content\/uploads\/2025\/07\/Thomas-Anita-Alexi_3m.jpg 750w\" sizes=\"auto, (max-width: 300px) 100vw, 300px\" \/><\/figure>\n<\/div>\n\n\n\n<div class=\"wp-block-column is-layout-flow wp-block-column-is-layout-flow\">\n<p><strong>Anita und Thomas Alexi<\/strong><\/p>\n\n\n\n<ul class=\"wp-block-list\">\n<li>verheiratet seit 1990<\/li>\n\n\n\n<li>5 erwachsene Kinder<\/li>\n\n\n\n<li>Pflegekinder<\/li>\n\n\n\n<li>EPL\/KEK Trainer<\/li>\n\n\n\n<li>Beratende Seelsorger<\/li>\n\n\n\n<li>Anita: Krankenschwester<\/li>\n\n\n\n<li>Thomas: Pastor<\/li>\n<\/ul>\n<\/div>\n<\/div>\n\n\n\n<div style=\"height:30px\" aria-hidden=\"true\" class=\"wp-block-spacer\"><\/div>\n\n\n\n<h3 class=\"wp-block-heading\">Anmeldung<\/h3>\n\n\n\n<p>an Sekretariat Stiftung Therapeutische Seelsorge, <a href=\"mailto:sekretariat@stiftung-ts.de\" target=\"_blank\" rel=\"noreferrer noopener\">sekretariat@stiftung-ts.de<\/a><\/p>\n","protected":false},"excerpt":{"rendered":"<p>KEK Konstruktive Ehe und Kommunikation F\u00fcr wen ist KEK gedacht? F\u00fcr Paare in langj\u00e4hriger Beziehung, die diese vertiefen m\u00f6chten. Hier nehmen Paare besonders auch ihre gemeinsame Geschichte in den Blick und sprechen \u00fcber ihre Zukunft und ihre Ziele. Was geschieht im Training? Die einzelnen Einheiten Dauer je Einheit ca. 2 1\/2 Stunden Vermitteln der grundlegenden<\/p>\n","protected":false},"author":1,"featured_media":0,"parent":6293,"menu_order":2,"comment_status":"closed","ping_status":"closed","template":"page-fullwidth.php","meta":{"footnotes":""},"class_list":["post-289","page","type-page","status-publish","hentry"],"yoast_head":"<!-- This site is optimized with the Yoast SEO plugin v27.6 - https:\/\/yoast.com\/product\/yoast-seo-wordpress\/ -->\n<title>KEK Gespr\u00e4chstraining f\u00fcr Paare - Tools f\u00fcr Paare - Stiftung TS<\/title>\n<meta name=\"description\" content=\"KEK - Konstruktive Ehe und Kommunikation. F\u00fcr Paare in langj\u00e4hriger Beziehung, die diese vertiefen m\u00f6chten.\" \/>\n<meta name=\"robots\" content=\"index, follow, max-snippet:-1, max-image-preview:large, max-video-preview:-1\" \/>\n<link rel=\"canonical\" href=\"https:\/\/stiftung-ts.de\/sts\/gemeinde_1\/tools-fuer-paare\/kek\/\" \/>\n<meta property=\"og:locale\" content=\"de_DE\" \/>\n<meta property=\"og:type\" content=\"article\" \/>\n<meta property=\"og:title\" content=\"KEK Gespr\u00e4chstraining f\u00fcr Paare - Tools f\u00fcr Paare - Stiftung TS\" \/>\n<meta property=\"og:description\" content=\"KEK - Konstruktive Ehe und Kommunikation. F\u00fcr Paare in langj\u00e4hriger Beziehung, die diese vertiefen m\u00f6chten.\" \/>\n<meta property=\"og:url\" content=\"https:\/\/stiftung-ts.de\/sts\/gemeinde_1\/tools-fuer-paare\/kek\/\" \/>\n<meta property=\"og:site_name\" content=\"Stiftung TS\" \/>\n<meta property=\"article:publisher\" content=\"https:\/\/www.facebook.com\/therapeutische.seelsorge\" \/>\n<meta property=\"article:modified_time\" content=\"2025-08-01T08:58:09+00:00\" \/>\n<meta property=\"og:image\" content=\"https:\/\/stiftung-ts.de\/sts\/wp-content\/uploads\/2021\/04\/kek_logo-scaled.jpg\" \/>\n\t<meta property=\"og:image:width\" content=\"2560\" \/>\n\t<meta property=\"og:image:height\" content=\"2346\" \/>\n\t<meta property=\"og:image:type\" content=\"image\/jpeg\" \/>\n<meta name=\"twitter:card\" content=\"summary_large_image\" \/>\n<meta name=\"twitter:label1\" content=\"Gesch\u00e4tzte Lesezeit\" \/>\n\t<meta name=\"twitter:data1\" content=\"3\u00a0Minuten\" \/>\n<script type=\"application\/ld+json\" class=\"yoast-schema-graph\">{\"@context\":\"https:\\\/\\\/schema.org\",\"@graph\":[{\"@type\":\"WebPage\",\"@id\":\"https:\\\/\\\/stiftung-ts.de\\\/sts\\\/gemeinde_1\\\/tools-fuer-paare\\\/kek\\\/\",\"url\":\"https:\\\/\\\/stiftung-ts.de\\\/sts\\\/gemeinde_1\\\/tools-fuer-paare\\\/kek\\\/\",\"name\":\"KEK Gespr\u00e4chstraining f\u00fcr Paare - Tools f\u00fcr Paare - Stiftung TS\",\"isPartOf\":{\"@id\":\"https:\\\/\\\/stiftung-ts.de\\\/sts\\\/#website\"},\"primaryImageOfPage\":{\"@id\":\"https:\\\/\\\/stiftung-ts.de\\\/sts\\\/gemeinde_1\\\/tools-fuer-paare\\\/kek\\\/#primaryimage\"},\"image\":{\"@id\":\"https:\\\/\\\/stiftung-ts.de\\\/sts\\\/gemeinde_1\\\/tools-fuer-paare\\\/kek\\\/#primaryimage\"},\"thumbnailUrl\":\"https:\\\/\\\/stiftung-ts.de\\\/sts\\\/wp-content\\\/uploads\\\/2021\\\/04\\\/kek_logo-300x275.jpg\",\"datePublished\":\"2019-03-27T14:14:42+00:00\",\"dateModified\":\"2025-08-01T08:58:09+00:00\",\"description\":\"KEK - Konstruktive Ehe und Kommunikation. F\u00fcr Paare in langj\u00e4hriger Beziehung, die diese vertiefen m\u00f6chten.\",\"breadcrumb\":{\"@id\":\"https:\\\/\\\/stiftung-ts.de\\\/sts\\\/gemeinde_1\\\/tools-fuer-paare\\\/kek\\\/#breadcrumb\"},\"inLanguage\":\"de\",\"potentialAction\":[{\"@type\":\"ReadAction\",\"target\":[\"https:\\\/\\\/stiftung-ts.de\\\/sts\\\/gemeinde_1\\\/tools-fuer-paare\\\/kek\\\/\"]}]},{\"@type\":\"ImageObject\",\"inLanguage\":\"de\",\"@id\":\"https:\\\/\\\/stiftung-ts.de\\\/sts\\\/gemeinde_1\\\/tools-fuer-paare\\\/kek\\\/#primaryimage\",\"url\":\"https:\\\/\\\/stiftung-ts.de\\\/sts\\\/wp-content\\\/uploads\\\/2021\\\/04\\\/kek_logo-300x275.jpg\",\"contentUrl\":\"https:\\\/\\\/stiftung-ts.de\\\/sts\\\/wp-content\\\/uploads\\\/2021\\\/04\\\/kek_logo-300x275.jpg\"},{\"@type\":\"BreadcrumbList\",\"@id\":\"https:\\\/\\\/stiftung-ts.de\\\/sts\\\/gemeinde_1\\\/tools-fuer-paare\\\/kek\\\/#breadcrumb\",\"itemListElement\":[{\"@type\":\"ListItem\",\"position\":1,\"name\":\"Startseite\",\"item\":\"https:\\\/\\\/stiftung-ts.de\\\/sts\\\/\"},{\"@type\":\"ListItem\",\"position\":2,\"name\":\"Gemeinde\",\"item\":\"https:\\\/\\\/stiftung-ts.de\\\/sts\\\/gemeinde_1\\\/\"},{\"@type\":\"ListItem\",\"position\":3,\"name\":\"Tools f\u00fcr Paare\",\"item\":\"https:\\\/\\\/stiftung-ts.de\\\/sts\\\/gemeinde_1\\\/tools-fuer-paare\\\/\"},{\"@type\":\"ListItem\",\"position\":4,\"name\":\"KEK \u2013 Gespr\u00e4chstraining f\u00fcr Paare in langj\u00e4hriger Beziehung\"}]},{\"@type\":\"WebSite\",\"@id\":\"https:\\\/\\\/stiftung-ts.de\\\/sts\\\/#website\",\"url\":\"https:\\\/\\\/stiftung-ts.de\\\/sts\\\/\",\"name\":\"Stiftung TS\",\"description\":\"\",\"publisher\":{\"@id\":\"https:\\\/\\\/stiftung-ts.de\\\/sts\\\/#organization\"},\"potentialAction\":[{\"@type\":\"SearchAction\",\"target\":{\"@type\":\"EntryPoint\",\"urlTemplate\":\"https:\\\/\\\/stiftung-ts.de\\\/sts\\\/?s={search_term_string}\"},\"query-input\":{\"@type\":\"PropertyValueSpecification\",\"valueRequired\":true,\"valueName\":\"search_term_string\"}}],\"inLanguage\":\"de\"},{\"@type\":\"Organization\",\"@id\":\"https:\\\/\\\/stiftung-ts.de\\\/sts\\\/#organization\",\"name\":\"Stiftung TS\",\"url\":\"https:\\\/\\\/stiftung-ts.de\\\/sts\\\/\",\"logo\":{\"@type\":\"ImageObject\",\"inLanguage\":\"de\",\"@id\":\"https:\\\/\\\/stiftung-ts.de\\\/sts\\\/#\\\/schema\\\/logo\\\/image\\\/\",\"url\":\"https:\\\/\\\/stiftung-ts.de\\\/sts\\\/wp-content\\\/uploads\\\/2021\\\/04\\\/Logo_Stiftung-TS_512-rund.png\",\"contentUrl\":\"https:\\\/\\\/stiftung-ts.de\\\/sts\\\/wp-content\\\/uploads\\\/2021\\\/04\\\/Logo_Stiftung-TS_512-rund.png\",\"width\":512,\"height\":512,\"caption\":\"Stiftung TS\"},\"image\":{\"@id\":\"https:\\\/\\\/stiftung-ts.de\\\/sts\\\/#\\\/schema\\\/logo\\\/image\\\/\"},\"sameAs\":[\"https:\\\/\\\/www.facebook.com\\\/therapeutische.seelsorge\"]}]}<\/script>\n<!-- \/ Yoast SEO plugin. -->","yoast_head_json":{"title":"KEK Gespr\u00e4chstraining f\u00fcr Paare - Tools f\u00fcr Paare - Stiftung TS","description":"KEK - Konstruktive Ehe und Kommunikation. F\u00fcr Paare in langj\u00e4hriger Beziehung, die diese vertiefen m\u00f6chten.","robots":{"index":"index","follow":"follow","max-snippet":"max-snippet:-1","max-image-preview":"max-image-preview:large","max-video-preview":"max-video-preview:-1"},"canonical":"https:\/\/stiftung-ts.de\/sts\/gemeinde_1\/tools-fuer-paare\/kek\/","og_locale":"de_DE","og_type":"article","og_title":"KEK Gespr\u00e4chstraining f\u00fcr Paare - Tools f\u00fcr Paare - Stiftung TS","og_description":"KEK - Konstruktive Ehe und Kommunikation. F\u00fcr Paare in langj\u00e4hriger Beziehung, die diese vertiefen m\u00f6chten.","og_url":"https:\/\/stiftung-ts.de\/sts\/gemeinde_1\/tools-fuer-paare\/kek\/","og_site_name":"Stiftung TS","article_publisher":"https:\/\/www.facebook.com\/therapeutische.seelsorge","article_modified_time":"2025-08-01T08:58:09+00:00","og_image":[{"width":2560,"height":2346,"url":"https:\/\/stiftung-ts.de\/sts\/wp-content\/uploads\/2021\/04\/kek_logo-scaled.jpg","type":"image\/jpeg"}],"twitter_card":"summary_large_image","twitter_misc":{"Gesch\u00e4tzte Lesezeit":"3\u00a0Minuten"},"schema":{"@context":"https:\/\/schema.org","@graph":[{"@type":"WebPage","@id":"https:\/\/stiftung-ts.de\/sts\/gemeinde_1\/tools-fuer-paare\/kek\/","url":"https:\/\/stiftung-ts.de\/sts\/gemeinde_1\/tools-fuer-paare\/kek\/","name":"KEK Gespr\u00e4chstraining f\u00fcr Paare - Tools f\u00fcr Paare - Stiftung TS","isPartOf":{"@id":"https:\/\/stiftung-ts.de\/sts\/#website"},"primaryImageOfPage":{"@id":"https:\/\/stiftung-ts.de\/sts\/gemeinde_1\/tools-fuer-paare\/kek\/#primaryimage"},"image":{"@id":"https:\/\/stiftung-ts.de\/sts\/gemeinde_1\/tools-fuer-paare\/kek\/#primaryimage"},"thumbnailUrl":"https:\/\/stiftung-ts.de\/sts\/wp-content\/uploads\/2021\/04\/kek_logo-300x275.jpg","datePublished":"2019-03-27T14:14:42+00:00","dateModified":"2025-08-01T08:58:09+00:00","description":"KEK - Konstruktive Ehe und Kommunikation. F\u00fcr Paare in langj\u00e4hriger Beziehung, die diese vertiefen m\u00f6chten.","breadcrumb":{"@id":"https:\/\/stiftung-ts.de\/sts\/gemeinde_1\/tools-fuer-paare\/kek\/#breadcrumb"},"inLanguage":"de","potentialAction":[{"@type":"ReadAction","target":["https:\/\/stiftung-ts.de\/sts\/gemeinde_1\/tools-fuer-paare\/kek\/"]}]},{"@type":"ImageObject","inLanguage":"de","@id":"https:\/\/stiftung-ts.de\/sts\/gemeinde_1\/tools-fuer-paare\/kek\/#primaryimage","url":"https:\/\/stiftung-ts.de\/sts\/wp-content\/uploads\/2021\/04\/kek_logo-300x275.jpg","contentUrl":"https:\/\/stiftung-ts.de\/sts\/wp-content\/uploads\/2021\/04\/kek_logo-300x275.jpg"},{"@type":"BreadcrumbList","@id":"https:\/\/stiftung-ts.de\/sts\/gemeinde_1\/tools-fuer-paare\/kek\/#breadcrumb","itemListElement":[{"@type":"ListItem","position":1,"name":"Startseite","item":"https:\/\/stiftung-ts.de\/sts\/"},{"@type":"ListItem","position":2,"name":"Gemeinde","item":"https:\/\/stiftung-ts.de\/sts\/gemeinde_1\/"},{"@type":"ListItem","position":3,"name":"Tools f\u00fcr Paare","item":"https:\/\/stiftung-ts.de\/sts\/gemeinde_1\/tools-fuer-paare\/"},{"@type":"ListItem","position":4,"name":"KEK \u2013 Gespr\u00e4chstraining f\u00fcr Paare in langj\u00e4hriger Beziehung"}]},{"@type":"WebSite","@id":"https:\/\/stiftung-ts.de\/sts\/#website","url":"https:\/\/stiftung-ts.de\/sts\/","name":"Stiftung TS","description":"","publisher":{"@id":"https:\/\/stiftung-ts.de\/sts\/#organization"},"potentialAction":[{"@type":"SearchAction","target":{"@type":"EntryPoint","urlTemplate":"https:\/\/stiftung-ts.de\/sts\/?s={search_term_string}"},"query-input":{"@type":"PropertyValueSpecification","valueRequired":true,"valueName":"search_term_string"}}],"inLanguage":"de"},{"@type":"Organization","@id":"https:\/\/stiftung-ts.de\/sts\/#organization","name":"Stiftung TS","url":"https:\/\/stiftung-ts.de\/sts\/","logo":{"@type":"ImageObject","inLanguage":"de","@id":"https:\/\/stiftung-ts.de\/sts\/#\/schema\/logo\/image\/","url":"https:\/\/stiftung-ts.de\/sts\/wp-content\/uploads\/2021\/04\/Logo_Stiftung-TS_512-rund.png","contentUrl":"https:\/\/stiftung-ts.de\/sts\/wp-content\/uploads\/2021\/04\/Logo_Stiftung-TS_512-rund.png","width":512,"height":512,"caption":"Stiftung TS"},"image":{"@id":"https:\/\/stiftung-ts.de\/sts\/#\/schema\/logo\/image\/"},"sameAs":["https:\/\/www.facebook.com\/therapeutische.seelsorge"]}]}},"_links":{"self":[{"href":"https:\/\/stiftung-ts.de\/sts\/wp-json\/wp\/v2\/pages\/289","targetHints":{"allow":["GET"]}}],"collection":[{"href":"https:\/\/stiftung-ts.de\/sts\/wp-json\/wp\/v2\/pages"}],"about":[{"href":"https:\/\/stiftung-ts.de\/sts\/wp-json\/wp\/v2\/types\/page"}],"author":[{"embeddable":true,"href":"https:\/\/stiftung-ts.de\/sts\/wp-json\/wp\/v2\/users\/1"}],"replies":[{"embeddable":true,"href":"https:\/\/stiftung-ts.de\/sts\/wp-json\/wp\/v2\/comments?post=289"}],"version-history":[{"count":0,"href":"https:\/\/stiftung-ts.de\/sts\/wp-json\/wp\/v2\/pages\/289\/revisions"}],"up":[{"embeddable":true,"href":"https:\/\/stiftung-ts.de\/sts\/wp-json\/wp\/v2\/pages\/6293"}],"wp:attachment":[{"href":"https:\/\/stiftung-ts.de\/sts\/wp-json\/wp\/v2\/media?parent=289"}],"curies":[{"name":"wp","href":"https:\/\/api.w.org\/{rel}","templated":true}]}}